{"id":459,"date":"2013-11-23T14:26:30","date_gmt":"2013-11-23T12:26:30","guid":{"rendered":"http:\/\/www.deutschsprachigertisch-orihuelacosta.eu\/?page_id=459"},"modified":"2026-01-15T03:26:29","modified_gmt":"2026-01-15T02:26:29","slug":"2012-2","status":"publish","type":"page","link":"http:\/\/www.deutschsprachigertisch-orihuelacosta.eu\/?page_id=459","title":{"rendered":"2012 Fotos"},"content":{"rendered":"<p><a href=\"https:\/\/i0.wp.com\/www.deutschsprachigertisch-orihuelacosta.eu\/wp-content\/uploads\/2013\/11\/weihnachtsfeier_2012.jpg\"><img data-recalc-dims=\"1\" loading=\"lazy\" decoding=\"async\" class=\"alignleft size-full wp-image-472\" src=\"https:\/\/i0.wp.com\/www.deutschsprachigertisch-orihuelacosta.eu\/wp-content\/uploads\/2013\/11\/weihnachtsfeier_2012.jpg?resize=100%2C207\" alt=\"Weihnachtsfeier 2012\" width=\"100\" height=\"207\" \/><\/a>Am 21. Dezember 2012 feierte der dTOC mit 114 Teilnehmern seine Weihnachtsfeier im Restaurant &#8222;mit besonderem Ambiente&#8220; und exzellentem Essen, Arrocer\u00eda el Sarmiento in Orihuela Costa. Es war ein gelungener Jahresabschluss und es wurde euphorisch, wie beim dTOC \u00fcblich, gefeiert und getanzt und es herrschte eine Bombenstimmung.<br \/>\nFotos von Josef Deutschbauer, Norbert Ellmers und Marlen Patzer; <em><strong>klick auf &gt;&gt;&gt;<\/strong><\/em> <span style=\"color: #000080;\"><span style=\"text-decoration: underline;\"><a href=\"https:\/\/photos.app.goo.gl\/gJuCricASfeAYBc68\" target=\"_blank\" rel=\"noopener\">Fotoalbum<\/a><\/span><\/span>.<\/p>\n<hr style=\"width: 100%;\" width=\"100%\" \/>\n<p><a href=\"https:\/\/i0.wp.com\/www.deutschsprachigertisch-orihuelacosta.eu\/wp-content\/uploads\/2013\/11\/orxeta.jpg\"><img data-recalc-dims=\"1\" loading=\"lazy\" decoding=\"async\" class=\"alignleft size-full wp-image-475\" src=\"https:\/\/i0.wp.com\/www.deutschsprachigertisch-orihuelacosta.eu\/wp-content\/uploads\/2013\/11\/orxeta.jpg?resize=100%2C155\" alt=\"Orxeta\" width=\"100\" height=\"155\" \/><\/a>dTOC-Ausflug am 9. Dezember 2012 zu den Gastronomietagen in den niedlichen Ort Orxeta. Wir haben hier und dort probiert und die leckeren Getr\u00e4nke gekostet. Anschliessend besuchten wir noch Villajoyosa mit tollen Ein- und Ausblicken und einem Abschlussessen an der Promenade.<br \/>\nFotos von Josef Deutschbauer, Norbert Ellmers und Marlen Patzer; <em><strong>klick auf &gt;&gt;&gt;<\/strong><\/em> <span style=\"color: #000080;\"><span style=\"text-decoration: underline;\"><a href=\"https:\/\/photos.app.goo.gl\/gYuRmDzQ3yGGuzNf7\" target=\"_blank\" rel=\"noopener\">Fotoalbum<\/a><\/span><\/span>.<\/p>\n<hr style=\"width: 100%;\" width=\"100%\" \/>\n<p><a href=\"https:\/\/i0.wp.com\/www.deutschsprachigertisch-orihuelacosta.eu\/wp-content\/uploads\/2011\/10\/tapas_und_tanz.jpg\"><img data-recalc-dims=\"1\" loading=\"lazy\" decoding=\"async\" class=\"alignleft size-full wp-image-441\" src=\"https:\/\/i0.wp.com\/www.deutschsprachigertisch-orihuelacosta.eu\/wp-content\/uploads\/2011\/10\/tapas_und_tanz.jpg?resize=100%2C111\" alt=\"Tapas und Tanz\" width=\"100\" height=\"111\" \/><\/a>&#8222;Tapas und Tanzen&#8220; hiess es am 23. November 2012. 72 dTOC-Mitglieder und G\u00e4ste folgten unserer Idee und hatten zusammen einen sch\u00f6nen Abend bei toller Stimmung im Restaurant Asturias. Fazit: &#8222;Das machen wir bald mal wieder&#8220;.<strong><br \/>\n<\/strong>Fotos von Josef Deutschbauer und Marlen Patzer; <em><strong>klick auf &gt;&gt;&gt;<\/strong><\/em> <span style=\"color: #000080;\"><span style=\"text-decoration: underline;\"><a href=\"https:\/\/photos.app.goo.gl\/w4cio3QfA3P13n5PA\" target=\"_blank\" rel=\"noopener\">Fotoalbum<\/a><\/span><\/span>.<\/p>\n<hr style=\"width: 100%;\" width=\"100%\" \/>\n<p><a href=\"https:\/\/i0.wp.com\/www.deutschsprachigertisch-orihuelacosta.eu\/wp-content\/uploads\/2013\/11\/weintour_jumilla.jpg\"><img data-recalc-dims=\"1\" loading=\"lazy\" decoding=\"async\" class=\"alignleft size-full wp-image-484\" src=\"https:\/\/i0.wp.com\/www.deutschsprachigertisch-orihuelacosta.eu\/wp-content\/uploads\/2013\/11\/weintour_jumilla.jpg?resize=100%2C65\" alt=\"Weintour Jumilla\" width=\"100\" height=\"65\" \/><\/a>DTOC-Weintour nach Jumilla mit Besichtigung und Weinprobe in der Bodega Xenysel, Inh. Martinez\u00a0 Verdu, anschliessend Besuch des Monasterio (Kloster) von Jumilla mit seinen Kunstsch\u00e4tzen, Mittagessen im Restaurant Fuente del Pino und zum Abschluss, kurzer Zwischenstopp bei der Bodega\u00a0 Silvano Garc\u00eda zum Einkaufen von Traubenmarmelade.<br \/>\nFotos von Manfred Speck, Josef Deutschbauer und Marlen Patzer; <em><strong>klick auf &gt;&gt;&gt;<\/strong><\/em> <span style=\"color: #000080;\"><span style=\"text-decoration: underline;\"><a href=\"https:\/\/photos.app.goo.gl\/d6nA2xsadS1tb9DSA\" target=\"_blank\" rel=\"noopener\">Fotoalbum<\/a><\/span><\/span>.<\/p>\n<hr style=\"width: 100%;\" width=\"100%\" \/>\n<p><a href=\"https:\/\/i0.wp.com\/www.deutschsprachigertisch-orihuelacosta.eu\/wp-content\/uploads\/2013\/11\/3_jahre_dtoc.jpg\"><img data-recalc-dims=\"1\" loading=\"lazy\" decoding=\"async\" class=\"alignleft size-full wp-image-486\" src=\"https:\/\/i0.wp.com\/www.deutschsprachigertisch-orihuelacosta.eu\/wp-content\/uploads\/2013\/11\/3_jahre_dtoc.jpg?resize=100%2C100\" alt=\"3 Jahre dTOC\" width=\"100\" height=\"100\" \/><\/a>3 Jahre DTOC! Dieses Jubil\u00e4um wurde am 29. Oktober 2012 im Restaurant El Capit\u00e1n mit mehr als 200 Mitgliedern und G\u00e4sten ausgiebig gefeiert.<br \/>\nFotos von Josef Deutschbauer, Arno Schmidt, Elisabeth Schmidt, Peter Feike, Mario und Marlen Patzer; <em><strong>klick auf &gt;&gt;&gt;<\/strong><\/em> <span style=\"color: #000080;\"><span style=\"text-decoration: underline;\"><a href=\"https:\/\/photos.app.goo.gl\/sm6k7s9hE8g4jbYX8\" target=\"_blank\" rel=\"noopener\">Fotoalbum<\/a><\/span><\/span> oder <span style=\"color: #000080;\"><span style=\"text-decoration: underline;\"><a href=\"http:\/\/youtu.be\/gqHiTJF7MJw\" target=\"_blank\" rel=\"noopener\">Film von der Festrede<\/a><\/span><\/span>.<\/p>\n<hr style=\"width: 100%;\" width=\"100%\" \/>\n<p><a href=\"https:\/\/i0.wp.com\/www.deutschsprachigertisch-orihuelacosta.eu\/wp-content\/uploads\/2013\/11\/gartencenter_villamartin.jpg\"><img data-recalc-dims=\"1\" loading=\"lazy\" decoding=\"async\" class=\"alignleft size-full wp-image-488\" src=\"https:\/\/i0.wp.com\/www.deutschsprachigertisch-orihuelacosta.eu\/wp-content\/uploads\/2013\/11\/gartencenter_villamartin.jpg?resize=100%2C61\" alt=\"Gartencenter Villamartin\" width=\"100\" height=\"61\" \/><\/a>DTOC-Mitglieder und G\u00e4ste besuchten das Gartencenter Villamart\u00edn am 24. Oktober 2012 unter fachkundiger F\u00fchrung durch unser Mitglied Dipl. Ing. sc. agr. Daniel Baumgartner. Nach dem Vortrag \u00fcberraschte der Besitzer des Centers die Teilnehmer mit einem Imbiss.<br \/>\nFotos von G\u00fcnter Schwarz, Joachim Warschke und Eberhard Frieg; <em><strong>klick auf &gt;&gt;&gt;<\/strong><\/em> <span style=\"color: #000080;\"><span style=\"text-decoration: underline;\"><a href=\"https:\/\/photos.app.goo.gl\/z9H4Lg3S9JHwDkdy9\" target=\"_blank\" rel=\"noopener\">Fotoalbum<\/a><\/span><\/span>.<\/p>\n<hr style=\"width: 100%;\" width=\"100%\" \/>\n<p><a href=\"https:\/\/i0.wp.com\/www.deutschsprachigertisch-orihuelacosta.eu\/wp-content\/uploads\/2013\/11\/algar_calpe.jpg\"><img data-recalc-dims=\"1\" loading=\"lazy\" decoding=\"async\" class=\"alignleft size-full wp-image-490\" src=\"https:\/\/i0.wp.com\/www.deutschsprachigertisch-orihuelacosta.eu\/wp-content\/uploads\/2013\/11\/algar_calpe.jpg?resize=100%2C70\" alt=\"Algar Calpe\" width=\"100\" height=\"70\" \/><\/a>DTOC-Kombibusfahrt am 13. Oktober 2012 zu den Algar-Wasserf\u00e4llen &#8222;Les Fonts de Algar&#8220; in Callosa d&#8217;en Sarri\u00e1, Besichtigung der russisch-orthodoxen Kirche Altea, sowie Restaurantbesuch und Besichtigungs-Tour nach Calp(e).<br \/>\nFotos von Marlen Patzer, Manfred Speck, Josef Deutschbauer, Maca, Elisabeth Schmidt, G\u00fcnter Schwarz und Lothar Sauerzweig; <em><strong>klick auf &gt;&gt;&gt;<\/strong><\/em> <span style=\"color: #000080;\"><span style=\"text-decoration: underline;\"><a href=\"https:\/\/photos.app.goo.gl\/NPNdE7mUH2ikKLKw5\" target=\"_blank\" rel=\"noopener\">Fotoalbum<\/a><\/span><\/span>.<\/p>\n<hr style=\"width: 100%;\" width=\"100%\" \/>\n<p><a href=\"https:\/\/i0.wp.com\/www.deutschsprachigertisch-orihuelacosta.eu\/wp-content\/uploads\/2013\/11\/oktoberfest_2012.jpg\"><img data-recalc-dims=\"1\" loading=\"lazy\" decoding=\"async\" class=\"alignleft size-full wp-image-492\" src=\"https:\/\/i0.wp.com\/www.deutschsprachigertisch-orihuelacosta.eu\/wp-content\/uploads\/2013\/11\/oktoberfest_2012.jpg?resize=100%2C60\" alt=\"Oktoberfest 2012\" width=\"100\" height=\"60\" \/><\/a>Oktoberfestbieranstich am 6. Oktober 2012 um 12.00 Uhr in der Gasthausbrauerei de Bassus in La Zenia an der mehr als 120 Mitglieder und G\u00e4ste des DTOC teilgenommen haben.<br \/>\nFotos von Josef Deutschbauer, Maca, Marlen Patzer; <em><strong>klick auf &gt;&gt;&gt;<\/strong><\/em> <span style=\"color: #000080;\"><span style=\"text-decoration: underline;\"><a href=\"https:\/\/photos.app.goo.gl\/5Wo8C1NLQF5cL2ru9\" target=\"_blank\" rel=\"noopener\">Fotoalbum<\/a><\/span><\/span>.<\/p>\n<hr style=\"width: 100%;\" width=\"100%\" \/>\n<p><a href=\"https:\/\/i0.wp.com\/www.deutschsprachigertisch-orihuelacosta.eu\/wp-content\/uploads\/2013\/11\/sommerfest_2012.jpg\"><img data-recalc-dims=\"1\" loading=\"lazy\" decoding=\"async\" class=\"alignleft size-full wp-image-493\" src=\"https:\/\/i0.wp.com\/www.deutschsprachigertisch-orihuelacosta.eu\/wp-content\/uploads\/2013\/11\/sommerfest_2012.jpg?resize=100%2C56\" alt=\"Sommerfest 2012\" width=\"100\" height=\"56\" \/><\/a>Zweites Sommerfest des DTOC vom 12. September 2012 im Restaurant Montepiedra-Playa am Strand von Campoamor (Orihuela-Costa), mit 207 Teilnehmern.<strong><br \/>\n<\/strong>Fotos von Rolf B\u00fcttner, Josef Deutschbauer, Maca, Barbara Rozalski, Albert Wagner, Marlen Patzer; <em><strong>klick auf &gt;&gt;&gt;<\/strong><\/em> <span style=\"color: #000080;\"><span style=\"text-decoration: underline;\"><a href=\"https:\/\/photos.app.goo.gl\/FsWgTMPaV1MzUFFV7\" target=\"_blank\" rel=\"noopener\">Fotoalbum<\/a><\/span><\/span>.<\/p>\n<hr style=\"width: 100%;\" width=\"100%\" \/>\n<p><a href=\"https:\/\/i0.wp.com\/www.deutschsprachigertisch-orihuelacosta.eu\/wp-content\/uploads\/2013\/11\/zenia_boulevard.jpg\"><img data-recalc-dims=\"1\" loading=\"lazy\" decoding=\"async\" class=\"alignleft size-full wp-image-496\" src=\"https:\/\/i0.wp.com\/www.deutschsprachigertisch-orihuelacosta.eu\/wp-content\/uploads\/2013\/11\/zenia_boulevard.jpg?resize=100%2C67\" alt=\"Zenia Boulevard\" width=\"100\" height=\"67\" \/><\/a>Mitglieder vom DTOC bei einer Vorbesichtigung des Centers Zenia Boulevard in Orihuela-Costa am 3. August 2012.<br \/>\nFotos von von Albert Wagner und Marlen Patzer; <em><strong>klick auf &gt;&gt;&gt;<\/strong><\/em> <span style=\"color: #000080;\"><span style=\"text-decoration: underline;\"><a href=\"https:\/\/photos.app.goo.gl\/f7rvuBf8Uepzb5R7A\" target=\"_blank\" rel=\"noopener\">Fotoalbum<\/a><\/span><\/span>.<\/p>\n<hr style=\"width: 100%;\" width=\"100%\" \/>\n<p><a href=\"https:\/\/i0.wp.com\/www.deutschsprachigertisch-orihuelacosta.eu\/wp-content\/uploads\/2013\/11\/la_nucia.jpg\"><img data-recalc-dims=\"1\" loading=\"lazy\" decoding=\"async\" class=\"alignleft size-full wp-image-498\" src=\"https:\/\/i0.wp.com\/www.deutschsprachigertisch-orihuelacosta.eu\/wp-content\/uploads\/2013\/11\/la_nucia.jpg?resize=100%2C75\" alt=\"La Nuc\u00eda\" width=\"100\" height=\"75\" \/><\/a><span style=\"color: #808080;\">Ein Sonntag in La Nuc\u00eda!<\/span> Das Ayuntamiento von La Nuc\u00eda hatte den DTOC zur Besichtigung ihres Ortes eingeladen, mit Rastro und nachmittags Tanz. Der DTOC ist begeistert von dieser Vorzeigegemeinde, weil an sich hier wohlf\u00fchlen muss! Danke La Nuc\u00eda!<br \/>\nFotos von Erhard Gstatter, Uwe Lange, Marlen Patzer und G\u00fcnter Schwarz; <em><strong>klick auf &gt;&gt;&gt;<\/strong><\/em> <span style=\"color: #000080;\"><span style=\"text-decoration: underline;\"><a href=\"https:\/\/photos.app.goo.gl\/q3QZQJkKPC7NrvPt7\" target=\"_blank\" rel=\"noopener\">Fotoalbum<\/a><\/span><\/span>.<\/p>\n<hr style=\"width: 100%;\" width=\"100%\" \/>\n<p><a href=\"https:\/\/i0.wp.com\/www.deutschsprachigertisch-orihuelacosta.eu\/wp-content\/uploads\/2013\/11\/mar_menor_segeln.jpg\"><img data-recalc-dims=\"1\" loading=\"lazy\" decoding=\"async\" class=\"alignleft size-full wp-image-500\" src=\"https:\/\/i0.wp.com\/www.deutschsprachigertisch-orihuelacosta.eu\/wp-content\/uploads\/2013\/11\/mar_menor_segeln.jpg?resize=100%2C72\" alt=\"Mar Menor segeln\" width=\"100\" height=\"72\" \/><\/a>Eine Seefahrt die ist lustig! DTOC-Mitglieder unternahmen einen Segelt\u00f6rn mit mehreren Segelbooten in der gr\u00f6ssten Badewanne Spaniens, dem Mar Menor.<br \/>\nFotos von Marlen Patzer und Achim Adolphs; <em><strong>klick auf &gt;&gt;&gt;<\/strong><\/em> <span style=\"color: #000080;\"><span style=\"text-decoration: underline;\"><a href=\"https:\/\/photos.app.goo.gl\/pTCMfei41AZ3jHjx9\" target=\"_blank\" rel=\"noopener\">Fotoalbum<\/a><\/span><\/span>.<\/p>\n<hr style=\"width: 100%;\" width=\"100%\" \/>\n<p><a href=\"https:\/\/i0.wp.com\/www.deutschsprachigertisch-orihuelacosta.eu\/wp-content\/uploads\/2013\/11\/kunstausstellung_el_capitan.jpg\"><img data-recalc-dims=\"1\" loading=\"lazy\" decoding=\"async\" class=\"alignleft size-full wp-image-502\" src=\"https:\/\/i0.wp.com\/www.deutschsprachigertisch-orihuelacosta.eu\/wp-content\/uploads\/2013\/11\/kunstausstellung_el_capitan.jpg?resize=100%2C101\" alt=\"Kunstausstellung El Capitan\" width=\"100\" height=\"101\" \/><\/a>Bilder der 1. privaten, regionalen Kunstausstellung im Restaurant El Capit\u00e1n in Orihuela-Costa vom 23. bis 27. Mai 2012. Die Organisation der Ausstellung lag in den H\u00e4nden vom Restaurant El Capit\u00e1n in Co-Operation mit dem DTOC und wurde durch das Rathaus unterst\u00fctzt. Insgesamt haben 9 K\u00fcnstler an der Ausstellung mitgewirkt, 3 K\u00fcnstlerinnen davon vom DTOC.<br \/>\nFotos von Marlen Patzer; <em><strong>klick auf &gt;&gt;&gt;<\/strong><\/em> <span style=\"color: #000080;\"><span style=\"text-decoration: underline;\"><a href=\"https:\/\/photos.app.goo.gl\/4yjqGVCAB783MdZRA\" target=\"_blank\" rel=\"noopener\">Fotoalbum<\/a><\/span><\/span>.<\/p>\n<hr style=\"width: 100%;\" width=\"100%\" \/>\n<p><a href=\"https:\/\/i0.wp.com\/www.deutschsprachigertisch-orihuelacosta.eu\/wp-content\/uploads\/2013\/11\/cuevas_del_canelobre.jpg\"><img data-recalc-dims=\"1\" loading=\"lazy\" decoding=\"async\" class=\"alignleft size-full wp-image-504\" src=\"https:\/\/i0.wp.com\/www.deutschsprachigertisch-orihuelacosta.eu\/wp-content\/uploads\/2013\/11\/cuevas_del_canelobre.jpg?resize=100%2C97\" alt=\"Cuevas del Canelobre\" width=\"100\" height=\"97\" \/><\/a>DTOC-Ausflug zur Tropfsteinh\u00f6hle &#8222;Cuevas del Canelobre&#8220; bei Busot und zum Castel de Santa B\u00e1rbara in Alicante am 12. Mai 2012.<br \/>\nFotos von Marlen Patzer; <em><strong>klick auf &gt;&gt;&gt;<\/strong><\/em> <span style=\"color: #000080;\"><span style=\"text-decoration: underline;\"><a href=\"https:\/\/photos.app.goo.gl\/1WEFQ6G7HSjsMY4v8\" target=\"_blank\" rel=\"noopener\">Fotoalbum<\/a><\/span><\/span>.<\/p>\n<hr style=\"width: 100%;\" width=\"100%\" \/>\n<p><a href=\"https:\/\/i0.wp.com\/www.deutschsprachigertisch-orihuelacosta.eu\/wp-content\/uploads\/2013\/11\/radio_miamigo_party.jpg\"><img data-recalc-dims=\"1\" loading=\"lazy\" decoding=\"async\" class=\"alignleft size-full wp-image-506\" src=\"https:\/\/i0.wp.com\/www.deutschsprachigertisch-orihuelacosta.eu\/wp-content\/uploads\/2013\/11\/radio_miamigo_party.jpg?resize=100%2C76\" alt=\"Radio Miamigo Party\" width=\"100\" height=\"76\" \/><\/a>DTOC mit mehr als 40 Mitgliedern vertreten auf der grossen Radio Mi Amigo Party am 1. Mai 2012 in der La Bodega in La Marina bei Engelbert mit einer Superstimmung, tollen K\u00fcnstlern und nat\u00fcrlich mit dem tollen Moderator von Radio Mi Amigo Kord Lemkau. Fazit: Wir kommen wieder in die La Bodega!<br \/>\nFotos von Josef Deutschbauer und Marlen Patzer; <em><strong>klick auf\u00a0 &gt;&gt;&gt;<\/strong><\/em> <span style=\"color: #000080;\"><span style=\"text-decoration: underline;\"><a href=\"https:\/\/photos.app.goo.gl\/b1KxExFQUiKoNN3N8\" target=\"_blank\" rel=\"noopener\">Fotoalbum<\/a><\/span><\/span>.<\/p>\n<hr style=\"width: 100%;\" width=\"100%\" \/>\n<p><a href=\"https:\/\/i0.wp.com\/www.deutschsprachigertisch-orihuelacosta.eu\/wp-content\/uploads\/2013\/11\/tanz_in_den_mai.jpg\"><img data-recalc-dims=\"1\" loading=\"lazy\" decoding=\"async\" class=\"alignleft size-full wp-image-508\" src=\"https:\/\/i0.wp.com\/www.deutschsprachigertisch-orihuelacosta.eu\/wp-content\/uploads\/2013\/11\/tanz_in_den_mai.jpg?resize=100%2C139\" alt=\"Tanz in den Mai 2012\" width=\"100\" height=\"139\" \/><\/a>Tanz in den Mai vom DTOC am 30.04. 2012 im Restaurant Asturias, alle Mitglieder waren vom Essen und der Musik begeistert und konnten endlich mal wieder das Tanzbein schwingen.<br \/>\nFotos von Marlen Patzer; <em><strong>klick auf &gt;&gt;&gt;<\/strong><\/em> <span style=\"color: #000080;\"><span style=\"text-decoration: underline;\"><a href=\"https:\/\/photos.app.goo.gl\/hWu7X5cCPVaRkG4X6\" target=\"_blank\" rel=\"noopener\">Fotoalbum<\/a><\/span><\/span>.<br \/>\nVideo von Sergio; <em><strong>klick auf &gt;&gt;&gt;<\/strong><\/em> <span style=\"color: #000080;\"><span style=\"text-decoration: underline;\"><a href=\"http:\/\/youtu.be\/-ahxTWiQD0E\" target=\"_blank\" rel=\"noopener\">Video<\/a><\/span><\/span>.<\/p>\n<hr style=\"width: 100%;\" width=\"100%\" \/>\n<p><a href=\"https:\/\/i0.wp.com\/www.deutschsprachigertisch-orihuelacosta.eu\/wp-content\/uploads\/2013\/11\/manises_valencia.jpg\"><img data-recalc-dims=\"1\" loading=\"lazy\" decoding=\"async\" class=\"alignleft size-full wp-image-512\" src=\"https:\/\/i0.wp.com\/www.deutschsprachigertisch-orihuelacosta.eu\/wp-content\/uploads\/2013\/11\/manises_valencia.jpg?resize=100%2C122\" alt=\"Manises Valencia\" width=\"100\" height=\"122\" \/><\/a>DTOC-Ausflug am 28. April 2012 in die Keramikstadt Manises &amp; nach Valencia ins gr\u00f6sste Seewasseraquarium Europas. F\u00fcr 63 Teilnehmer wird das ein unvergesslicher Tag bleiben, der alle Mitfahrer begeistert hat.<br \/>\nFotos von Cornelia Jansen, Georg Kreiner, Herbert Wagner, Uwe Lange, Josef Deutschbauer, Marlen Patzer und Norbert Ellmers; <em><strong>klick auf &gt;&gt;&gt;<\/strong><\/em> <span style=\"color: #000080;\"><span style=\"text-decoration: underline;\"><a href=\"https:\/\/photos.app.goo.gl\/ggQyeCCH65bB8JRw7\" target=\"_blank\" rel=\"noopener\">Fotoalbum<\/a><\/span><\/span>.<\/p>\n<hr style=\"width: 100%;\" width=\"100%\" \/>\n<p><a href=\"https:\/\/i0.wp.com\/www.deutschsprachigertisch-orihuelacosta.eu\/wp-content\/uploads\/2013\/11\/almeria.jpg\"><img data-recalc-dims=\"1\" loading=\"lazy\" decoding=\"async\" class=\"alignleft size-full wp-image-513\" src=\"https:\/\/i0.wp.com\/www.deutschsprachigertisch-orihuelacosta.eu\/wp-content\/uploads\/2013\/11\/almeria.jpg?resize=100%2C85\" alt=\"Almer\u00eda\" width=\"100\" height=\"85\" \/><\/a>DTOC-Ausflug nach Almer\u00eda und Moj\u00e1car am 24.3.2012.<br \/>\nFotos von G\u00fcnter Schwarz, Josef Deutschbauer, Uwe Lange, Dr. Walter Michel, Hannelore Michel und Marlen Patzer; <em><strong>klick auf &gt;&gt;&gt;<\/strong><\/em> <span style=\"color: #000080;\"><span style=\"text-decoration: underline;\"><a href=\"https:\/\/photos.app.goo.gl\/E83EFkAjyKoqmedE6\" target=\"_blank\" rel=\"noopener\">Fotoalbum<\/a><\/span><\/span>.<br \/>\nVideo von Dr. Walter Michel; <em><strong>klick auf &gt;&gt;&gt;<\/strong><\/em> <span style=\"color: #000080;\"><span style=\"text-decoration: underline;\"><a href=\"http:\/\/youtu.be\/hyk9aAsMd4g\" target=\"_blank\" rel=\"noopener\">Video<\/a><\/span><\/span>.<\/p>\n<hr style=\"width: 100%;\" width=\"100%\" \/>\n<p><a href=\"https:\/\/i0.wp.com\/www.deutschsprachigertisch-orihuelacosta.eu\/wp-content\/uploads\/2013\/11\/kunstausstellung.jpg\"><img data-recalc-dims=\"1\" loading=\"lazy\" decoding=\"async\" class=\"alignleft size-full wp-image-515\" src=\"https:\/\/i0.wp.com\/www.deutschsprachigertisch-orihuelacosta.eu\/wp-content\/uploads\/2013\/11\/kunstausstellung.jpg?resize=100%2C75\" alt=\"Kunstausstellung\" width=\"100\" height=\"75\" \/><\/a>Mitglieder vom dTOC besuchten die Kunst- und Antiquit\u00e4tenausstellung von Jaime Gea am 29.02.2012 in Los Montesinos mit anschliessendem gemeinsamen Mittagessen im Restaurant La Herradura. Fazit: Grosse Begeisterung aller Teilnehmer.<br \/>\nDie Fotos sind von den Eheleuten Haas\/Hartmann und von Marlen Patzer; <em><strong>klick auf &gt;&gt;&gt;<\/strong><\/em> <span style=\"color: #000080;\"><span style=\"text-decoration: underline;\"><a href=\"https:\/\/photos.app.goo.gl\/Lpm9LZkWHNQCnGN6A\" target=\"_blank\" rel=\"noopener\">Fotoalbum<\/a><\/span><\/span>.<\/p>\n<hr style=\"width: 100%;\" width=\"100%\" \/>\n<p><a href=\"https:\/\/i0.wp.com\/www.deutschsprachigertisch-orihuelacosta.eu\/wp-content\/uploads\/2013\/11\/jalon.jpg\"><img data-recalc-dims=\"1\" loading=\"lazy\" decoding=\"async\" class=\"alignleft size-full wp-image-516\" src=\"https:\/\/i0.wp.com\/www.deutschsprachigertisch-orihuelacosta.eu\/wp-content\/uploads\/2013\/11\/jalon.jpg?resize=100%2C111\" alt=\"Jal\u00f3n\" width=\"100\" height=\"111\" \/><\/a>DTOC-Ausflugsfahrt am 11.02.2012 zur Mandelbl\u00fcte ins Jal\u00f3ntal, Rastro (Flohmarkt) in Jal\u00f3n und Eselsgest\u00fct &#8222;Les Murtes&#8220; das zur Stiftung Weltkulturerbe Esel geh\u00f6rt und von Deutschen gef\u00fchrt wird (Alexander Aretz; <span style=\"color: #000080;\"><span style=\"text-decoration: underline;\"><a href=\"http:\/\/www.eselweb.info\/\" target=\"_blank\" rel=\"noopener\">www.eselweb.info<\/a><\/span><\/span>).<br \/>\nDie Fotos sind von Josef Deutschbauer, Josef Klose, Karin Lippek, Barbara Rozalski, Maca, Familie Haas\/Hartmann, Hans-Peter Zock und Marlen Patzer; <em><strong>klick auf &gt;&gt;&gt;<\/strong><\/em> <span style=\"color: #000080;\"><span style=\"text-decoration: underline;\"><a href=\"https:\/\/photos.app.goo.gl\/TiurmsAWxsauwX5k7\" target=\"_blank\" rel=\"noopener\">Fotoalbum<\/a><\/span><\/span>.<\/p>\n<hr style=\"width: 100%;\" width=\"100%\" \/>\n<p><a href=\"https:\/\/i0.wp.com\/www.deutschsprachigertisch-orihuelacosta.eu\/wp-content\/uploads\/2013\/11\/gruenkohltrip_2012.jpg\"><img data-recalc-dims=\"1\" loading=\"lazy\" decoding=\"async\" class=\"alignleft size-full wp-image-517\" src=\"https:\/\/i0.wp.com\/www.deutschsprachigertisch-orihuelacosta.eu\/wp-content\/uploads\/2013\/11\/gruenkohltrip_2012.jpg?resize=100%2C133\" alt=\"Gr\u00fcnkohltrip 2012\" width=\"100\" height=\"133\" \/><\/a>Fotos vom 2. Gr\u00fcnkohltrip des DTOC an der Costa Blanca vom 20.01.2012.<br \/>\nDie Fotos wurden von Karin, Maca, Marlen und Uwe geschossen; <em><strong>klick auf &gt;&gt;&gt;<\/strong><\/em> <span style=\"color: #000080;\"><span style=\"text-decoration: underline;\"><a href=\"https:\/\/photos.app.goo.gl\/mQT2DWXKK2JkXxCy9\" target=\"_blank\" rel=\"noopener\">Fotoalbum<\/a><\/span><\/span>.<\/p>","protected":false},"excerpt":{"rendered":"<p>Am 21. Dezember 2012 feierte der dTOC mit 114 Teilnehmern seine Weihnachtsfeier im Restaurant &#8222;mit besonderem Ambiente&#8220; und exzellentem Essen, Arrocer\u00eda el Sarmiento in Orihuela Costa. Es war ein gelungener (&hellip;) <a href=\"http:\/\/www.deutschsprachigertisch-orihuelacosta.eu\/?page_id=459\">Weiterlesen<\/a><\/p>\n","protected":false},"author":2,"featured_media":0,"parent":0,"menu_order":0,"comment_status":"closed","ping_status":"closed","template":"","meta":{"jetpack_post_was_ever_published":false,"footnotes":""},"class_list":["post-459","page","type-page","status-publish","hentry"],"jetpack_sharing_enabled":true,"jetpack_shortlink":"https:\/\/wp.me\/P8bur2-7p","jetpack-related-posts":[],"_links":{"self":[{"href":"http:\/\/www.deutschsprachigertisch-orihuelacosta.eu\/index.php?rest_route=\/wp\/v2\/pages\/459","targetHints":{"allow":["GET"]}}],"collection":[{"href":"http:\/\/www.deutschsprachigertisch-orihuelacosta.eu\/index.php?rest_route=\/wp\/v2\/pages"}],"about":[{"href":"http:\/\/www.deutschsprachigertisch-orihuelacosta.eu\/index.php?rest_route=\/wp\/v2\/types\/page"}],"author":[{"embeddable":true,"href":"http:\/\/www.deutschsprachigertisch-orihuelacosta.eu\/index.php?rest_route=\/wp\/v2\/users\/2"}],"replies":[{"embeddable":true,"href":"http:\/\/www.deutschsprachigertisch-orihuelacosta.eu\/index.php?rest_route=%2Fwp%2Fv2%2Fcomments&post=459"}],"version-history":[{"count":2,"href":"http:\/\/www.deutschsprachigertisch-orihuelacosta.eu\/index.php?rest_route=\/wp\/v2\/pages\/459\/revisions"}],"predecessor-version":[{"id":17559,"href":"http:\/\/www.deutschsprachigertisch-orihuelacosta.eu\/index.php?rest_route=\/wp\/v2\/pages\/459\/revisions\/17559"}],"wp:attachment":[{"href":"http:\/\/www.deutschsprachigertisch-orihuelacosta.eu\/index.php?rest_route=%2Fwp%2Fv2%2Fmedia&parent=459"}],"curies":[{"name":"wp","href":"https:\/\/api.w.org\/{rel}","templated":true}]}}