{"id":50,"date":"2013-12-01T07:58:07","date_gmt":"2013-12-01T05:58:07","guid":{"rendered":"http:\/\/www.deutschsprachigertisch-orihuelacosta.eu\/?page_id=50"},"modified":"2024-10-19T16:38:21","modified_gmt":"2024-10-19T15:38:21","slug":"dtoc-willkommen","status":"publish","type":"page","link":"http:\/\/www.deutschsprachigertisch-orihuelacosta.eu\/","title":{"rendered":"Herzlich Willkommen bei der Vereinigung Deutschsprachiger Tisch Orihuela-Costa."},"content":{"rendered":"<p><strong><span style=\"color: #0000ff;\">Herzlich Willkommen bei der Vereinigung Deutschsprachiger Tisch Orihuela Costa &#8211; DTOC<\/span><\/strong><\/p>\n<p style=\"text-align: center;\"><span style=\"color: #ff0000; font-size: 1em;\"><img data-recalc-dims=\"1\" loading=\"lazy\" decoding=\"async\" data-attachment-id=\"15022\" data-permalink=\"http:\/\/www.deutschsprachigertisch-orihuelacosta.eu\/?attachment_id=15022\" data-orig-file=\"https:\/\/i0.wp.com\/www.deutschsprachigertisch-orihuelacosta.eu\/wp-content\/uploads\/2020\/06\/arrow-right.gif?fit=75%2C51\" data-orig-size=\"75,51\" data-comments-opened=\"0\" data-image-meta=\"{&quot;aperture&quot;:&quot;0&quot;,&quot;credit&quot;:&quot;&quot;,&quot;camera&quot;:&quot;&quot;,&quot;caption&quot;:&quot;&quot;,&quot;created_timestamp&quot;:&quot;0&quot;,&quot;copyright&quot;:&quot;&quot;,&quot;focal_length&quot;:&quot;0&quot;,&quot;iso&quot;:&quot;0&quot;,&quot;shutter_speed&quot;:&quot;0&quot;,&quot;title&quot;:&quot;&quot;,&quot;orientation&quot;:&quot;0&quot;}\" data-image-title=\"arrow-right\" data-image-description=\"\" data-image-caption=\"\" data-large-file=\"https:\/\/i0.wp.com\/www.deutschsprachigertisch-orihuelacosta.eu\/wp-content\/uploads\/2020\/06\/arrow-right.gif?fit=75%2C51\" class=\"alignnone size-full wp-image-15022\" src=\"https:\/\/i0.wp.com\/www.deutschsprachigertisch-orihuelacosta.eu\/wp-content\/uploads\/2020\/06\/arrow-right.gif?resize=75%2C51\" alt=\"\" width=\"75\" height=\"51\" \/><strong>Bitte auch linksstehendes Menu beachten!<\/strong> <img data-recalc-dims=\"1\" loading=\"lazy\" decoding=\"async\" data-attachment-id=\"15024\" data-permalink=\"http:\/\/www.deutschsprachigertisch-orihuelacosta.eu\/?attachment_id=15024\" data-orig-file=\"https:\/\/i0.wp.com\/www.deutschsprachigertisch-orihuelacosta.eu\/wp-content\/uploads\/2020\/06\/arrow-left.gif?fit=75%2C51\" data-orig-size=\"75,51\" data-comments-opened=\"0\" data-image-meta=\"{&quot;aperture&quot;:&quot;0&quot;,&quot;credit&quot;:&quot;&quot;,&quot;camera&quot;:&quot;&quot;,&quot;caption&quot;:&quot;&quot;,&quot;created_timestamp&quot;:&quot;0&quot;,&quot;copyright&quot;:&quot;&quot;,&quot;focal_length&quot;:&quot;0&quot;,&quot;iso&quot;:&quot;0&quot;,&quot;shutter_speed&quot;:&quot;0&quot;,&quot;title&quot;:&quot;&quot;,&quot;orientation&quot;:&quot;0&quot;}\" data-image-title=\"arrow-left\" data-image-description=\"\" data-image-caption=\"\" data-large-file=\"https:\/\/i0.wp.com\/www.deutschsprachigertisch-orihuelacosta.eu\/wp-content\/uploads\/2020\/06\/arrow-left.gif?fit=75%2C51\" class=\"size-full wp-image-15024 alignnone\" src=\"https:\/\/i0.wp.com\/www.deutschsprachigertisch-orihuelacosta.eu\/wp-content\/uploads\/2020\/06\/arrow-left.gif?resize=75%2C51\" alt=\"\" width=\"75\" height=\"51\" \/><\/span><br \/>\n(\u00c4ltere Nachrichten sind im Archiv zu finden)<\/p>\n<p><img data-recalc-dims=\"1\" loading=\"lazy\" decoding=\"async\" data-attachment-id=\"12652\" data-permalink=\"http:\/\/www.deutschsprachigertisch-orihuelacosta.eu\/?attachment_id=12652\" data-orig-file=\"https:\/\/i0.wp.com\/www.deutschsprachigertisch-orihuelacosta.eu\/wp-content\/uploads\/2018\/08\/dtoc_intro_bild.jpg?fit=600%2C321\" data-orig-size=\"600,321\" data-comments-opened=\"0\" data-image-meta=\"{&quot;aperture&quot;:&quot;0&quot;,&quot;credit&quot;:&quot;&quot;,&quot;camera&quot;:&quot;&quot;,&quot;caption&quot;:&quot;&quot;,&quot;created_timestamp&quot;:&quot;0&quot;,&quot;copyright&quot;:&quot;&quot;,&quot;focal_length&quot;:&quot;0&quot;,&quot;iso&quot;:&quot;0&quot;,&quot;shutter_speed&quot;:&quot;0&quot;,&quot;title&quot;:&quot;&quot;,&quot;orientation&quot;:&quot;0&quot;}\" data-image-title=\"dtoc_intro_bild\" data-image-description=\"\" data-image-caption=\"\" data-large-file=\"https:\/\/i0.wp.com\/www.deutschsprachigertisch-orihuelacosta.eu\/wp-content\/uploads\/2018\/08\/dtoc_intro_bild.jpg?fit=600%2C321\" class=\"alignnone wp-image-12652 size-full\" src=\"https:\/\/i0.wp.com\/www.deutschsprachigertisch-orihuelacosta.eu\/wp-content\/uploads\/2018\/08\/dtoc_intro_bild.jpg?resize=600%2C321\" alt=\"\" width=\"600\" height=\"321\" srcset=\"https:\/\/i0.wp.com\/www.deutschsprachigertisch-orihuelacosta.eu\/wp-content\/uploads\/2018\/08\/dtoc_intro_bild.jpg?w=600 600w, https:\/\/i0.wp.com\/www.deutschsprachigertisch-orihuelacosta.eu\/wp-content\/uploads\/2018\/08\/dtoc_intro_bild.jpg?resize=300%2C161 300w\" sizes=\"auto, (max-width: 600px) 100vw, 600px\" \/><br \/>\nQuelle des Bildes: unbekannt<\/p>\n<p><strong>\u201cEinfach Menschen kennenlernen\u201c<\/strong><br \/>\nIn dieser Vereinigung sind SIE als deutschsprachige B\u00fcrger an der s\u00fcdlichen Costa Blanca gut aufgehoben! Die Aktivit\u00e4ten des DTOC sind vielf\u00e4ltig, denn Lebensqualit\u00e4t hat viele Gesichter. Unsere Maxime sind:<br \/>\n<strong>\u201cBew\u00e4hrtes erhalten und Neues versuchen\u201c.<\/strong><br \/>\nUmfassende Informationen finden Sie auf unserer Internetseite<br \/>\n<span style=\"color: #0000ff;\"><strong>www.deutschsprachigertisch-orihuelacosta.eu<\/strong><\/span><br \/>\noder geben Sie einfach in die Google Suche die Abk\u00fcrzung dtoc ein.<br \/>\nTelefonische Auskunft erhalten Sie unter: +34 645 290 977<\/p>\n<p><strong>Sport &#8211; Freizeit &#8211; Feste &#8211; Kommunikation<br \/>\n<\/strong>Ein gepflegtes Miteinander erleben unsere Mitglieder und G\u00e4ste bei den Veranstaltungen wie: monatlicher Mitglieder Treff &#8211; w\u00f6chentlicher Stammtisch oder Reisen in Spaniens sch\u00f6nste Landschaften und St\u00e4dte um unser Gastland besser kennenzulernen. Wir begr\u00fc\u00dfen Sie gern als Gast zu einem unserer DTOC &#8211; Treffen, Veranstaltungen, Ausfl\u00fcge! Wir freuen uns auf SIE, bis dahin, hasta luego.<\/p>\n<p>Reiner Kohlstedt<br \/>\nPr\u00e4sident<br \/>\nE-Mail an: info@dtoc.eu\u00a0\u00a0 oder f\u00fcr lokale Belange an: silberlocke@dtoc.eu<\/p>\n<p><strong><span style=\"font-size: 14pt; color: #ff0000;\">Alle Angaben, die wir auf unserer Seite ver\u00f6ffentlichen, k\u00f6nnen sich nat\u00fcrlich ver\u00e4ndern. Der DTOC \u00fcbernimmt deshalb keine Gew\u00e4hrleistung f\u00fcr irgendwelche Hinweise.<\/span><\/strong><\/p>\n<table>\n<tbody>\n<tr>\n<td style=\"text-align: center;\"><img data-recalc-dims=\"1\" loading=\"lazy\" decoding=\"async\" data-attachment-id=\"15052\" data-permalink=\"http:\/\/www.deutschsprachigertisch-orihuelacosta.eu\/?attachment_id=15052\" data-orig-file=\"https:\/\/i0.wp.com\/www.deutschsprachigertisch-orihuelacosta.eu\/wp-content\/uploads\/2020\/06\/Casino-Mediterraneo-01.jpg?fit=493%2C263\" data-orig-size=\"493,263\" data-comments-opened=\"0\" data-image-meta=\"{&quot;aperture&quot;:&quot;0&quot;,&quot;credit&quot;:&quot;&quot;,&quot;camera&quot;:&quot;&quot;,&quot;caption&quot;:&quot;&quot;,&quot;created_timestamp&quot;:&quot;0&quot;,&quot;copyright&quot;:&quot;&quot;,&quot;focal_length&quot;:&quot;0&quot;,&quot;iso&quot;:&quot;0&quot;,&quot;shutter_speed&quot;:&quot;0&quot;,&quot;title&quot;:&quot;&quot;,&quot;orientation&quot;:&quot;0&quot;}\" data-image-title=\"Casino-Mediterraneo-01\" data-image-description=\"\" data-image-caption=\"\" data-large-file=\"https:\/\/i0.wp.com\/www.deutschsprachigertisch-orihuelacosta.eu\/wp-content\/uploads\/2020\/06\/Casino-Mediterraneo-01.jpg?fit=493%2C263\" class=\"alignnone wp-image-15052 size-full\" src=\"https:\/\/i0.wp.com\/www.deutschsprachigertisch-orihuelacosta.eu\/wp-content\/uploads\/2020\/06\/Casino-Mediterraneo-01.jpg?resize=493%2C263\" alt=\"\" width=\"493\" height=\"263\" srcset=\"https:\/\/i0.wp.com\/www.deutschsprachigertisch-orihuelacosta.eu\/wp-content\/uploads\/2020\/06\/Casino-Mediterraneo-01.jpg?w=493 493w, https:\/\/i0.wp.com\/www.deutschsprachigertisch-orihuelacosta.eu\/wp-content\/uploads\/2020\/06\/Casino-Mediterraneo-01.jpg?resize=300%2C160 300w\" sizes=\"auto, (max-width: 493px) 100vw, 493px\" \/><\/p>\n<p style=\"text-align: left;\">Das <span style=\"color: #800000;\"><strong>Casino Mediterr\u00e1neo<\/strong><\/span> hat wieder ge\u00f6ffnet und wir konzentrieren uns darauf, mehr denn je ein sicheres Spiel anzubieten.<\/p>\n<p style=\"text-align: left;\"><img data-recalc-dims=\"1\" loading=\"lazy\" decoding=\"async\" data-attachment-id=\"15055\" data-permalink=\"http:\/\/www.deutschsprachigertisch-orihuelacosta.eu\/?attachment_id=15055\" data-orig-file=\"https:\/\/i0.wp.com\/www.deutschsprachigertisch-orihuelacosta.eu\/wp-content\/uploads\/2020\/06\/Casino-Mediterraneo-02.jpg?fit=300%2C225\" data-orig-size=\"300,225\" data-comments-opened=\"0\" data-image-meta=\"{&quot;aperture&quot;:&quot;0&quot;,&quot;credit&quot;:&quot;&quot;,&quot;camera&quot;:&quot;&quot;,&quot;caption&quot;:&quot;&quot;,&quot;created_timestamp&quot;:&quot;0&quot;,&quot;copyright&quot;:&quot;&quot;,&quot;focal_length&quot;:&quot;0&quot;,&quot;iso&quot;:&quot;0&quot;,&quot;shutter_speed&quot;:&quot;0&quot;,&quot;title&quot;:&quot;&quot;,&quot;orientation&quot;:&quot;0&quot;}\" data-image-title=\"Casino-Mediterraneo-02\" data-image-description=\"\" data-image-caption=\"\" data-large-file=\"https:\/\/i0.wp.com\/www.deutschsprachigertisch-orihuelacosta.eu\/wp-content\/uploads\/2020\/06\/Casino-Mediterraneo-02.jpg?fit=300%2C225\" class=\"wp-image-15055 size-full alignright\" src=\"https:\/\/i0.wp.com\/www.deutschsprachigertisch-orihuelacosta.eu\/wp-content\/uploads\/2020\/06\/Casino-Mediterraneo-02.jpg?resize=300%2C225\" alt=\"\" width=\"300\" height=\"225\" \/><br \/>\nWir haben die Aktivit\u00e4t unter Einhaltung aller von den Gesundheitsbeh\u00f6rden festgelegten Sicherheits- und Hygienema\u00dfnahmen wieder aufgenommen, damit alle unsere Kunden \u00fcber Folgendes verf\u00fcgen k\u00f6nnen:<\/p>\n<p style=\"text-align: left;\">&#8211; Informative Plakate mit Sicherheitsma\u00dfnahmen.<br \/>\n&#8211; Masken, Desinfektionsgel und Handschuhe.<br \/>\n&#8211; Desinfizierte R\u00e4ume.<br \/>\n&#8211; Trennung zwischen Maschinen zur Wahrung von Sicherheitsabst\u00e4nden.<br \/>\n&#8211; Hygiene aller Spielautomaten vor und nach der Nutzung jedes Kunden.<br \/>\n&#8211; Digitalisierung der Cafeteria- und Restaurantmen\u00fcs mit QR-Code.<\/p>\n<p style=\"text-align: left;\">Wir erwarten Sie mit neuen \u00d6ffnungszeiten von 10:00 bis 02:00 Uhr.<br \/>\nGenie\u00dfen Sie das Spiel 100% sicher!<\/p>\n<\/td>\n<\/tr>\n<tr>\n<td>\n<p style=\"text-align: center;\"><span style=\"color: #000000;\"><span style=\"font-size: 12pt;\"><strong><span style=\"color: #333333;\"><span style=\"color: #000080;\"><img data-recalc-dims=\"1\" loading=\"lazy\" decoding=\"async\" data-attachment-id=\"13312\" data-permalink=\"http:\/\/www.deutschsprachigertisch-orihuelacosta.eu\/?attachment_id=13312\" data-orig-file=\"https:\/\/i0.wp.com\/www.deutschsprachigertisch-orihuelacosta.eu\/wp-content\/uploads\/2019\/01\/dtoc-logo-10.jpg?fit=100%2C100\" data-orig-size=\"100,100\" data-comments-opened=\"0\" data-image-meta=\"{&quot;aperture&quot;:&quot;0&quot;,&quot;credit&quot;:&quot;&quot;,&quot;camera&quot;:&quot;&quot;,&quot;caption&quot;:&quot;&quot;,&quot;created_timestamp&quot;:&quot;0&quot;,&quot;copyright&quot;:&quot;&quot;,&quot;focal_length&quot;:&quot;0&quot;,&quot;iso&quot;:&quot;0&quot;,&quot;shutter_speed&quot;:&quot;0&quot;,&quot;title&quot;:&quot;&quot;,&quot;orientation&quot;:&quot;0&quot;}\" data-image-title=\"dtoc-logo-10\" data-image-description=\"\" data-image-caption=\"\" data-large-file=\"https:\/\/i0.wp.com\/www.deutschsprachigertisch-orihuelacosta.eu\/wp-content\/uploads\/2019\/01\/dtoc-logo-10.jpg?fit=100%2C100\" class=\"size-full wp-image-13312 alignleft\" src=\"https:\/\/i0.wp.com\/www.deutschsprachigertisch-orihuelacosta.eu\/wp-content\/uploads\/2019\/01\/dtoc-logo-10.jpg?resize=100%2C100\" alt=\"\" width=\"100\" height=\"100\" \/><\/span><\/span><\/strong><\/span><\/span><span style=\"color: #000000; font-size: 12pt;\"><strong><img data-recalc-dims=\"1\" loading=\"lazy\" decoding=\"async\" data-attachment-id=\"10199\" data-permalink=\"http:\/\/www.deutschsprachigertisch-orihuelacosta.eu\/?attachment_id=10199\" data-orig-file=\"https:\/\/i0.wp.com\/www.deutschsprachigertisch-orihuelacosta.eu\/wp-content\/uploads\/2010\/03\/paulaner.jpg?fit=200%2C135\" data-orig-size=\"200,135\" data-comments-opened=\"0\" data-image-meta=\"{&quot;aperture&quot;:&quot;0&quot;,&quot;credit&quot;:&quot;&quot;,&quot;camera&quot;:&quot;&quot;,&quot;caption&quot;:&quot;&quot;,&quot;created_timestamp&quot;:&quot;0&quot;,&quot;copyright&quot;:&quot;&quot;,&quot;focal_length&quot;:&quot;0&quot;,&quot;iso&quot;:&quot;0&quot;,&quot;shutter_speed&quot;:&quot;0&quot;,&quot;title&quot;:&quot;&quot;,&quot;orientation&quot;:&quot;0&quot;}\" data-image-title=\"paulaner\" data-image-description=\"\" data-image-caption=\"\" data-large-file=\"https:\/\/i0.wp.com\/www.deutschsprachigertisch-orihuelacosta.eu\/wp-content\/uploads\/2010\/03\/paulaner.jpg?fit=200%2C135\" class=\"wp-image-10199 alignright\" src=\"https:\/\/i0.wp.com\/www.deutschsprachigertisch-orihuelacosta.eu\/wp-content\/uploads\/2010\/03\/paulaner.jpg?resize=149%2C100\" alt=\"\" width=\"149\" height=\"100\" \/>Der DTOC Stammtisch findet jeden Donnerstag ab 11\u00a0Uhr\u00a0im <span style=\"color: #993300;\">Paulaner Bierhaus <\/span><\/strong><strong><span style=\"color: #0000ff;\"><span style=\"color: #000000;\">im Centro Comercial La Campana in Punta Prima<\/span><\/span> statt.<br \/>\n<span style=\"color: #333333;\">Anschrift: Calle Torre del Oro, 8, 03189 Orihuela Costa<\/span><\/strong><\/span><\/p>\n<p style=\"text-align: center;\"><iframe loading=\"lazy\" style=\"border: 0;\" src=\"https:\/\/www.google.com\/maps\/embed?pb=!1m14!1m8!1m3!1d12585.452725346322!2d-0.7165516!3d37.9453051!3m2!1i1024!2i768!4f13.1!3m3!1m2!1s0x0%3A0xe5046f3d4528409!2sPaulaner+Bierhaus!5e0!3m2!1ses!2ses!4v1552471133080\" width=\"500\" height=\"380\" frameborder=\"0\" allowfullscreen=\"allowfullscreen\"><\/iframe><\/p>\n<\/td>\n<\/tr>\n<\/tbody>\n<\/table>\n<p><img data-recalc-dims=\"1\" loading=\"lazy\" decoding=\"async\" data-attachment-id=\"8960\" data-permalink=\"http:\/\/www.deutschsprachigertisch-orihuelacosta.eu\/?attachment_id=8960\" data-orig-file=\"https:\/\/i0.wp.com\/www.deutschsprachigertisch-orihuelacosta.eu\/wp-content\/uploads\/2013\/12\/eMail.jpg?fit=200%2C188\" data-orig-size=\"200,188\" data-comments-opened=\"0\" data-image-meta=\"{&quot;aperture&quot;:&quot;0&quot;,&quot;credit&quot;:&quot;&quot;,&quot;camera&quot;:&quot;&quot;,&quot;caption&quot;:&quot;&quot;,&quot;created_timestamp&quot;:&quot;0&quot;,&quot;copyright&quot;:&quot;&quot;,&quot;focal_length&quot;:&quot;0&quot;,&quot;iso&quot;:&quot;0&quot;,&quot;shutter_speed&quot;:&quot;0&quot;,&quot;title&quot;:&quot;&quot;,&quot;orientation&quot;:&quot;0&quot;}\" data-image-title=\"email\" data-image-description=\"\" data-image-caption=\"\" data-large-file=\"https:\/\/i0.wp.com\/www.deutschsprachigertisch-orihuelacosta.eu\/wp-content\/uploads\/2013\/12\/eMail.jpg?fit=200%2C188\" class=\"alignleft wp-image-8960\" src=\"https:\/\/i0.wp.com\/www.deutschsprachigertisch-orihuelacosta.eu\/wp-content\/uploads\/2013\/12\/eMail.jpg?resize=100%2C94\" alt=\"email\" width=\"100\" height=\"94\" \/><span style=\"color: #0000ff;\"><strong><span style=\"font-size: 12pt;\"><span style=\"color: #333333;\"><span style=\"color: #000080;\"><img data-recalc-dims=\"1\" loading=\"lazy\" decoding=\"async\" data-attachment-id=\"13312\" data-permalink=\"http:\/\/www.deutschsprachigertisch-orihuelacosta.eu\/?attachment_id=13312\" data-orig-file=\"https:\/\/i0.wp.com\/www.deutschsprachigertisch-orihuelacosta.eu\/wp-content\/uploads\/2019\/01\/dtoc-logo-10.jpg?fit=100%2C100\" data-orig-size=\"100,100\" data-comments-opened=\"0\" data-image-meta=\"{&quot;aperture&quot;:&quot;0&quot;,&quot;credit&quot;:&quot;&quot;,&quot;camera&quot;:&quot;&quot;,&quot;caption&quot;:&quot;&quot;,&quot;created_timestamp&quot;:&quot;0&quot;,&quot;copyright&quot;:&quot;&quot;,&quot;focal_length&quot;:&quot;0&quot;,&quot;iso&quot;:&quot;0&quot;,&quot;shutter_speed&quot;:&quot;0&quot;,&quot;title&quot;:&quot;&quot;,&quot;orientation&quot;:&quot;0&quot;}\" data-image-title=\"dtoc-logo-10\" data-image-description=\"\" data-image-caption=\"\" data-large-file=\"https:\/\/i0.wp.com\/www.deutschsprachigertisch-orihuelacosta.eu\/wp-content\/uploads\/2019\/01\/dtoc-logo-10.jpg?fit=100%2C100\" class=\"size-full wp-image-13312 alignright\" src=\"https:\/\/i0.wp.com\/www.deutschsprachigertisch-orihuelacosta.eu\/wp-content\/uploads\/2019\/01\/dtoc-logo-10.jpg?resize=100%2C100\" alt=\"\" width=\"100\" height=\"100\" \/><\/span><\/span><\/span>Hinweis in eigener Sache<\/strong><\/span><\/p>\n<p><span style=\"color: #0000ff;\">Wer, als Vereinsmitglied, nie eMails vom DTOC-Vorstand erh\u00e4lt, soll bitte eine eMail an [<a href=\"mailto:info@deutschsprachigertisch-orihuelacosta.eu\">info@deutschsprachigertisch-orihuelacosta.eu<\/a>] schreiben, mit dem Hinweis, seine eMail-Adresse zu \u00fcberpr\u00fcfen.<\/span><\/p>\n<p><strong><a href=\"https:\/\/www.facebook.com\/pages\/Dtoc\/558092097661314?fref=ts\" target=\"_blank\" rel=\"noopener noreferrer\"><img data-recalc-dims=\"1\" loading=\"lazy\" decoding=\"async\" data-attachment-id=\"3925\" data-permalink=\"http:\/\/www.deutschsprachigertisch-orihuelacosta.eu\/?attachment_id=3925\" data-orig-file=\"https:\/\/i0.wp.com\/www.deutschsprachigertisch-orihuelacosta.eu\/wp-content\/uploads\/2013\/12\/Facebook-Logo.png?fit=50%2C50\" data-orig-size=\"50,50\" data-comments-opened=\"0\" data-image-meta=\"{&quot;aperture&quot;:&quot;0&quot;,&quot;credit&quot;:&quot;&quot;,&quot;camera&quot;:&quot;&quot;,&quot;caption&quot;:&quot;&quot;,&quot;created_timestamp&quot;:&quot;0&quot;,&quot;copyright&quot;:&quot;&quot;,&quot;focal_length&quot;:&quot;0&quot;,&quot;iso&quot;:&quot;0&quot;,&quot;shutter_speed&quot;:&quot;0&quot;,&quot;title&quot;:&quot;&quot;,&quot;orientation&quot;:&quot;0&quot;}\" data-image-title=\"Facebook Logo\" data-image-description=\"\" data-image-caption=\"\" data-large-file=\"https:\/\/i0.wp.com\/www.deutschsprachigertisch-orihuelacosta.eu\/wp-content\/uploads\/2013\/12\/Facebook-Logo.png?fit=50%2C50\" class=\"alignnone wp-image-3925 size-full\" src=\"https:\/\/i0.wp.com\/www.deutschsprachigertisch-orihuelacosta.eu\/wp-content\/uploads\/2013\/12\/Facebook-Logo.png?resize=50%2C50\" alt=\"Facebook Logo\" width=\"50\" height=\"50\" \/><\/a>\u00a0<\/strong><span style=\"color: #ff0000;\">Besuchen Sie auch regelm\u00e4\u00dfig die DTOC Seite auf<\/span> <span style=\"color: #3366ff;\"><em><strong><a style=\"color: #3366ff;\" href=\"https:\/\/www.facebook.com\/pages\/Dtoc\/558092097661314?fref=ts\" target=\"_blank\" rel=\"noopener noreferrer\">facebook<\/a><\/strong><\/em><\/span><\/p>\n<p style=\"text-align: left;\"><strong>Wetter in Punta Prima &#8211; Orihuela Costa<\/strong><\/p>","protected":false},"excerpt":{"rendered":"<p>Herzlich Willkommen bei der Vereinigung Deutschsprachiger Tisch Orihuela Costa &#8211; DTOC Bitte auch linksstehendes Menu beachten! (\u00c4ltere Nachrichten sind im Archiv zu finden) Quelle des Bildes: unbekannt \u201cEinfach Menschen kennenlernen\u201c (&hellip;) <a href=\"http:\/\/www.deutschsprachigertisch-orihuelacosta.eu\/\">Weiterlesen<\/a><\/p>\n","protected":false},"author":4,"featured_media":0,"parent":0,"menu_order":1,"comment_status":"closed","ping_status":"closed","template":"","meta":{"jetpack_post_was_ever_published":false,"footnotes":""},"class_list":["post-50","page","type-page","status-publish","hentry"],"jetpack_sharing_enabled":true,"jetpack_shortlink":"https:\/\/wp.me\/P8bur2-O","jetpack-related-posts":[],"_links":{"self":[{"href":"http:\/\/www.deutschsprachigertisch-orihuelacosta.eu\/index.php?rest_route=\/wp\/v2\/pages\/50","targetHints":{"allow":["GET"]}}],"collection":[{"href":"http:\/\/www.deutschsprachigertisch-orihuelacosta.eu\/index.php?rest_route=\/wp\/v2\/pages"}],"about":[{"href":"http:\/\/www.deutschsprachigertisch-orihuelacosta.eu\/index.php?rest_route=\/wp\/v2\/types\/page"}],"author":[{"embeddable":true,"href":"http:\/\/www.deutschsprachigertisch-orihuelacosta.eu\/index.php?rest_route=\/wp\/v2\/users\/4"}],"replies":[{"embeddable":true,"href":"http:\/\/www.deutschsprachigertisch-orihuelacosta.eu\/index.php?rest_route=%2Fwp%2Fv2%2Fcomments&post=50"}],"version-history":[{"count":129,"href":"http:\/\/www.deutschsprachigertisch-orihuelacosta.eu\/index.php?rest_route=\/wp\/v2\/pages\/50\/revisions"}],"predecessor-version":[{"id":16394,"href":"http:\/\/www.deutschsprachigertisch-orihuelacosta.eu\/index.php?rest_route=\/wp\/v2\/pages\/50\/revisions\/16394"}],"wp:attachment":[{"href":"http:\/\/www.deutschsprachigertisch-orihuelacosta.eu\/index.php?rest_route=%2Fwp%2Fv2%2Fmedia&parent=50"}],"curies":[{"name":"wp","href":"https:\/\/api.w.org\/{rel}","templated":true}]}}