{"id":68,"date":"2010-04-02T16:32:28","date_gmt":"2010-04-02T16:32:28","guid":{"rendered":"http:\/\/www.deutschsprachigertisch-orihuelacosta.eu\/?page_id=68"},"modified":"2016-11-16T13:32:55","modified_gmt":"2016-11-16T12:32:55","slug":"links_business","status":"publish","type":"page","link":"http:\/\/www.deutschsprachigertisch-orihuelacosta.eu\/?page_id=68","title":{"rendered":"Links Business"},"content":{"rendered":"<p><strong>WEBSeiten von Sponsoren und gesch\u00e4ftlichen Verbindungen<\/strong><\/p>\n<p>Haftungshinweise:<\/p>\n<p>Trotz sorgf\u00e4ltiger inhaltlicher Kontrolle \u00fcbernehmen wir keine Haftung f\u00fcr die Inhalte externer Links. F\u00fcr den Inhalt der verlinkten Seiten sind ausschliesslich deren Betreiber verantwortlich.<\/p>\n<p>Bilder von Online-Plattformen unterliegen den AGB&#8217;s, den Nutzungsbedingungen und den Richtlinien des Betreibers des Fotoportals.<\/p>\n<p><a href=\"http:\/\/www.snwcb.org\" target=\"_blank\">Seniorennetzwerk Costa Blanca<\/a><\/p>\n<p><a href=\"http:\/\/www.costablanca-abc.com\/index.php\" target=\"_blank\">Costa Blanca Web Portal<\/a><\/p>\n<p><a href=\"http:\/\/www.lebensdomizile.com\/de\/\" target=\"_blank\">Lebensdomizile weltweit<\/a><\/p>\n<p><a href=\"http:\/\/www.costablancapool.com\/?lang=de\" target=\"_blank\">CostaBlancaPool<\/a><\/p>\n<p><a href=\"http:\/\/www.bellmundo.de\" target=\"_blank\">Bellmundo Urlaub<\/a><\/p>\n<p><a href=\"http:\/\/www.hf-immo.com\" target=\"_blank\">Hahn-F\u00fcrstenberg<\/a><\/p>\n<p><a href=\"http:\/\/www.aeroglobo.com\" target=\"_blank\">Ballonfahrten<\/a><\/p>\n<p><a href=\"http:\/\/de.wikipedia.org\/wiki\/Stadtbahn_Alicante\" target=\"_blank\">Stadtbahn Alicante<\/a><\/p>\n<p><a href=\"http:\/\/www.montemarhotel.com\/anfahrt_oeffentliche_verkehrsmittel_costablanca.htm\" target=\"_blank\">\u00d6ffentliche Verkehrsmittel Bus\/Bahn\/Zug<\/a><\/p>\n<p><a href=\"http:\/\/www.costanachrichten.com\" target=\"_blank\">CBN &#8211; Costanachrichten<\/a><\/p>\n<p><a href=\"http:\/\/www.saz-aktuell.com\" target=\"_blank\">Spanische Allgemeine Zeitung<\/a><\/p>\n<p><a href=\"http:\/\/www.wahlen.es\" target=\"_blank\">EDV-Dienstleistungen<\/a><\/p>\n<p><a href=\"http:\/\/www.fasten-costa-blanca.de\" target=\"_blank\">Fasten an der Costa-Blanca<\/a><\/p>\n<p><a href=\"http:\/\/www.spainholidayflat.com\" target=\"_blank\">Spain Holiday Flat<\/a><\/p>\n<p><a href=\"http:\/\/www.falkentours.com\" target=\"_blank\">FalkenTours<\/a><\/p>\n<p><a href=\"http:\/\/www.immobilien-nowak.com\" target=\"_blank\">Mona Nowak &#8211; Das Service-B\u00fcro<\/a><\/p>\n<p><a href=\"http:\/\/www.c-d-s.biz\" target=\"_blank\">Chiringuitos del Sol<\/a><\/p>","protected":false},"excerpt":{"rendered":"<p>WEBSeiten von Sponsoren und gesch\u00e4ftlichen Verbindungen Haftungshinweise: Trotz sorgf\u00e4ltiger inhaltlicher Kontrolle \u00fcbernehmen wir keine Haftung f\u00fcr die Inhalte externer Links. F\u00fcr den Inhalt der verlinkten Seiten sind ausschliesslich deren Betreiber (&hellip;) <a href=\"http:\/\/www.deutschsprachigertisch-orihuelacosta.eu\/?page_id=68\">Weiterlesen<\/a><\/p>\n","protected":false},"author":2,"featured_media":0,"parent":0,"menu_order":3,"comment_status":"closed","ping_status":"closed","template":"","meta":{"jetpack_post_was_ever_published":false,"footnotes":""},"class_list":["post-68","page","type-page","status-publish","hentry"],"jetpack_sharing_enabled":true,"jetpack_shortlink":"https:\/\/wp.me\/P8bur2-16","jetpack-related-posts":[],"_links":{"self":[{"href":"http:\/\/www.deutschsprachigertisch-orihuelacosta.eu\/index.php?rest_route=\/wp\/v2\/pages\/68","targetHints":{"allow":["GET"]}}],"collection":[{"href":"http:\/\/www.deutschsprachigertisch-orihuelacosta.eu\/index.php?rest_route=\/wp\/v2\/pages"}],"about":[{"href":"http:\/\/www.deutschsprachigertisch-orihuelacosta.eu\/index.php?rest_route=\/wp\/v2\/types\/page"}],"author":[{"embeddable":true,"href":"http:\/\/www.deutschsprachigertisch-orihuelacosta.eu\/index.php?rest_route=\/wp\/v2\/users\/2"}],"replies":[{"embeddable":true,"href":"http:\/\/www.deutschsprachigertisch-orihuelacosta.eu\/index.php?rest_route=%2Fwp%2Fv2%2Fcomments&post=68"}],"version-history":[{"count":0,"href":"http:\/\/www.deutschsprachigertisch-orihuelacosta.eu\/index.php?rest_route=\/wp\/v2\/pages\/68\/revisions"}],"wp:attachment":[{"href":"http:\/\/www.deutschsprachigertisch-orihuelacosta.eu\/index.php?rest_route=%2Fwp%2Fv2%2Fmedia&parent=68"}],"curies":[{"name":"wp","href":"https:\/\/api.w.org\/{rel}","templated":true}]}}