{"id":73,"date":"2010-04-07T07:05:24","date_gmt":"2010-04-07T07:05:24","guid":{"rendered":"http:\/\/www.deutschsprachigertisch-orihuelacosta.eu\/?page_id=73"},"modified":"2018-09-02T19:16:51","modified_gmt":"2018-09-02T18:16:51","slug":"dtoc-ausflugsziele","status":"publish","type":"page","link":"http:\/\/www.deutschsprachigertisch-orihuelacosta.eu\/?page_id=73","title":{"rendered":"Ausflugsziele"},"content":{"rendered":"<p style=\"text-align: justify;\">Ausflugsziele in der N\u00e4heren Umgebung, sowie Fiestas in und um Orihuela-Costa f\u00fcr Besucher und Urlaubsg\u00e4ste.<\/p>\n<p style=\"text-align: justify;\">Wer in Orihuela-Costa Urlaub macht, der sollte nicht vers\u00e4umen sich die n\u00e4chst gr\u00f6ssere Stadt Torrevieja anzuschauen. Torrevieja hat 105&#8217;000 gemeldete Einwohner, aber in den Sommermonaten kann sich die Zahl schon mal auf 500&#8217;000 ver\u00e4ndern. Torrevieja erlebte in den vergangenen Jahren einen Boom und stieg auf in eine \u201cMond\u00e4ne Metropole\u201c mit internationalem Flair. Viele Fussg\u00e4ngerzonen wurden mit Palmen versch\u00f6nt. In den Boutiquen und kleinen Gesch\u00e4ften k\u00f6nnen Sie extravagante Sachen finden.<\/p>\n<p style=\"text-align: justify;\">F\u00fcr Naturfreunde empfiehlt es sich mit dem Glasbodenschiff einen Ausflug auf die Insel Tarbarca zu unternehmen. Die kleine Insel zum Ausruhen, ohne Auto! Direkt am Hafen k\u00f6nnen Sie fr\u00fch morgens f\u00fcr ein paar Euro eine ganze T\u00fcte frischen Fisch an der Kaje kaufen.<\/p>\n<p style=\"text-align: justify;\">Auch ein Spaziergang auf der Mole (1,8 km lang) von Torrevieja kann interessante Eindr\u00fccke hinterlassen und f\u00fcr gute Fotomotive sorgen. Am Abend lohnt sich ein Weg auf der Promenade, hier ist halb Torrevieja unterwegs, sehen und gesehen werden ist die Devise . Ausserdem gibt es hier diverse Sandbauk\u00fcnstler, die ihre Werke zur Schau stellen, die nat\u00fcrlich auch ideale Fotomotive sind. <a href=\"http:\/\/youtu.be\/Wx80oHN4hwU\" target=\"_blank\" rel=\"noopener noreferrer\">Video von Torrevieja<\/a>.<\/p>\n<p style=\"text-align: justify;\"><a href=\"https:\/\/i0.wp.com\/www.deutschsprachigertisch-orihuelacosta.eu\/wp-content\/uploads\/2013\/11\/naturpfad.jpg\"><img data-recalc-dims=\"1\" loading=\"lazy\" decoding=\"async\" class=\"size-full wp-image-891 alignleft\" src=\"https:\/\/i0.wp.com\/www.deutschsprachigertisch-orihuelacosta.eu\/wp-content\/uploads\/2013\/11\/naturpfad.jpg?resize=188%2C250\" alt=\"naturpfad\" width=\"188\" height=\"250\" \/><\/a>Auch in Orihuela-Costa gibt es einen Naturpfad. Zwischen Cabo Roig und dem Stadtteil Aquamarina verlassen Sie die Promenade zum Meer hinunter. Auf einem gekennzeichneten Weg, mit Pf\u00e4hlen und Tauen. Hier k\u00f6nnen Sie die Seeluft, gepaart mit den D\u00fcften von Wildkr\u00e4utern, die unmittelbar neben dem Weg wachsen geniessen. Man kann auch runter \u00fcber die Felsen zu einem kleinen Kiesstrand gelangen und unter Umst\u00e4nden Fossilien finden. Gehen Sie einen romantischen K\u00fcstenweg entlang vom Strand \u00a0Cala Caleta beim Sporthafen in Cabo Roig bis Cala Capit\u00e1n und weiter auf der Promenade Richtung Hotel.<\/p>\n<p style=\"text-align: justify;\">Sehr empfehlenwert ist auch ein Ausflug nach Rojales zu den H\u00f6hlen und zum <a href=\"https:\/\/i0.wp.com\/www.deutschsprachigertisch-orihuelacosta.eu\/wp-content\/uploads\/2013\/11\/muschelhaus.jpg\"><img data-recalc-dims=\"1\" loading=\"lazy\" decoding=\"async\" class=\"alignright size-full wp-image-890\" src=\"https:\/\/i0.wp.com\/www.deutschsprachigertisch-orihuelacosta.eu\/wp-content\/uploads\/2013\/11\/muschelhaus.jpg?resize=168%2C250\" alt=\"muschelhaus\" width=\"168\" height=\"250\" \/><\/a>Muschelhaus. Zwei H\u00f6hlen sind noch bewohnt, die anderen H\u00f6hlen beherbergen Ateliers, sowie eine H\u00f6hlenbar. Das Muschelhaus liegt direkt hinter den H\u00f6hlen und der \u201espanische Baumeister\u201c hat 11 Jahre daran gebaut, um alles innen und aussen mit Muscheln zu verkleiden (Rojales liegt nur 15 km<br \/>\n<a href=\"https:\/\/michaelallhoff.wordpress.com\/2017\/05\/07\/cuevas-de-rojales\/\">https:\/\/michaelallhoff.wordpress.com\/2017\/05\/07\/cuevas-de-rojales\/<\/a> entfernt).<\/p>\n<p style=\"text-align: justify;\"><a href=\"https:\/\/i0.wp.com\/www.deutschsprachigertisch-orihuelacosta.eu\/wp-content\/uploads\/2013\/11\/rio_seco.jpg\"><img data-recalc-dims=\"1\" loading=\"lazy\" decoding=\"async\" class=\"alignleft size-full wp-image-893\" src=\"https:\/\/i0.wp.com\/www.deutschsprachigertisch-orihuelacosta.eu\/wp-content\/uploads\/2013\/11\/rio_seco.jpg?resize=250%2C166\" alt=\"rio_seco\" width=\"250\" height=\"166\" \/><\/a>Ein weiteres \u201eHighlight\u201c f\u00fcr einen Ausflug, ist ein Spaziergang durch die Schlucht vom Rio Seco (ist auch nur ca. 15 km entfernt).<\/p>\n<p style=\"text-align: justify;\">Eine ganze Menge Fiestas gibt es \u00fcber das Jahr verteilt, angefangen von den Christen und Mauren Feiern, den Osterprozessionen, der Feria de Mayo etc. Interessant ist es auch, einmal bei einer Riesenpaella mit dabei zu sein.<\/p>\n<p style=\"text-align: justify;\">Wenn Sie mehr Info&#8217;s ben\u00f6tigen, schauen Sie auf die verschiedenen Internetseiten von Auswandern nach Spanien, El Portal de Orihuela-Costa (<a href=\"http:\/\/www.orihuela-costa.eu\">www.orihuela-costa.eu<\/a>) oder schicken Sie eine eMail mit Ihren Fragen an: <a href=\"mailto:info@dtoc.eu\">info@dtoc.eu<\/a>.<\/p>\n<p style=\"text-align: justify;\">Von Orihuela-Costa aus lassen sich viele interessante Ausflugsziele ansteuern. 60 km entfernt liegt Alicante, die pulsierende Grossstadt mit 400&#8217;000 Einwohnern. Alicante hat sehr sch\u00f6ne Parkanlagen und eine sch\u00f6ne Altstadt. Eine der gr\u00f6ssten mittelalterlichen europ\u00e4ischen Festungen ist die Burg Santa Barbara, die sich \u00fcber einen grossen Teil des Berges Benacatil erstreckt. Die Burg kann man \u00fcber die Strasse, oder mit einem Personenaufzug, in den man \u00fcber einen Fussg\u00e4ngertunnel von der N-332 gelangt erreichen. Von hier aus hat man einen \u00a0fantastischen Blick auf Alicante und den Hafen! Es lohnt sich also der M\u00fche! Vom Burgplateau f\u00fchrt ein kleiner Weg \u00fcber eine Br\u00fccke ins alte Alicante, mit H\u00e4usern, die in den Berg hineingebaut wurden. Alicante wird mittlerweile von mehreren Kreuzfahrtschiffen angesteuert. Es gibt ausserdem eine F\u00e4hrverbindung nach Algerien.<\/p>\n<p style=\"text-align: justify;\">Auch das Universit\u00e4tsgel\u00e4nde von Alicante hinterl\u00e4sst zahlreiche positive Eindr\u00fccke. Der Campus umfasst ein Gel\u00e4nde von ca. 1 Million Quadrat Meter und enth\u00e4lt ein Akademisches Museum.<br \/>\nUniversidad de Alicante<br \/>\nCarretera San Vicente del Raspeig s\/n<br \/>\n03690 San Vicente del Raspeig &#8211; \u00a0Alicante<br \/>\n+34 965 903 400 Telefon<br \/>\n+34 965 903 464 Fax<\/p>\n<p style=\"text-align: center;\">**************************************************<\/p>\n<p style=\"text-align: justify;\"><a href=\"https:\/\/i0.wp.com\/www.deutschsprachigertisch-orihuelacosta.eu\/wp-content\/uploads\/2013\/11\/canelobre.jpg\"><img data-recalc-dims=\"1\" loading=\"lazy\" decoding=\"async\" class=\"alignleft size-full wp-image-885\" src=\"https:\/\/i0.wp.com\/www.deutschsprachigertisch-orihuelacosta.eu\/wp-content\/uploads\/2013\/11\/canelobre.jpg?resize=139%2C300\" alt=\"canelobre\" width=\"139\" height=\"300\" \/><\/a>Nur ca. 20 km von Alicante entfernt liegt das kleine malerische Dorf Busot. Der Ort ist die ideale Erg\u00e4nzung zum riesigen touristischen Angebot an der K\u00fcste der Costa Blanca. Besuchen Sie unbedingt die Tropfsteinh\u00f6hle in Busot, genannt die Cuevas del Canelobre (sehr empfehlenswert). In einigen Sommermonaten werden in der H\u00f6hle Konzerte veranstaltet. Von dem Hochplateau vor der H\u00f6hle haben Sie eine grandiose Fernsicht.<\/p>\n<p style=\"text-align: justify;\">Besuchen Sie Elche, die besondere Stadt der zig tausend Palmen. Elche geh\u00f6rt zum <a href=\"https:\/\/i0.wp.com\/www.deutschsprachigertisch-orihuelacosta.eu\/wp-content\/uploads\/2013\/11\/cura.jpg\"><img data-recalc-dims=\"1\" loading=\"lazy\" decoding=\"async\" class=\"alignright size-full wp-image-886\" src=\"https:\/\/i0.wp.com\/www.deutschsprachigertisch-orihuelacosta.eu\/wp-content\/uploads\/2013\/11\/cura.jpg?resize=139%2C300\" alt=\"cura\" width=\"139\" height=\"300\" \/><\/a>Weltkulturerbe der Unesco. Wennman in Elche ist, geh\u00f6rt ein Besuch im Park Huerta del Cura unbedingt dazu. Dieser herrlich angelegte Park enth\u00e4lt viele Palmen und andere B\u00e4ume mit Namensschildern von Paten. Elche ist auch bekannt f\u00fcr seine Schuhindustrie und Sie k\u00f6nnen hier im Fabrikverkauf g\u00fcnstig Schuhe erwerben.<\/p>\n<p style=\"text-align: justify;\">Santa Pola ist einen weitern Ausflug wert. Santa Pola hat die gr\u00f6sste Fischerreiflotte von Spanien. Das Leben im Mittelmeer k\u00f6nnen Sie im Meerwasseraquarium von Santa Pola eindrucksvoll betrachten. Santa Pola wurde auf den Ruinen eines r\u00f6mischen Dorfes angesiedelt als Portus Uicitanus (w\u00f6rtlich) Hafen von Elx (Elche). Ein arch\u00e4ologisches Museum lohnt ebenfalls einen Besuch. Auch die nahe in Sichtweite gelegene Insel Tabarca kann man in k\u00fcrzester Zeit von hier erreichen.<\/p>\n<p style=\"text-align: justify;\"><a href=\"https:\/\/i0.wp.com\/www.deutschsprachigertisch-orihuelacosta.eu\/wp-content\/uploads\/2013\/11\/guardamar.jpg\"><img data-recalc-dims=\"1\" loading=\"lazy\" decoding=\"async\" class=\"alignleft size-full wp-image-887\" src=\"https:\/\/i0.wp.com\/www.deutschsprachigertisch-orihuelacosta.eu\/wp-content\/uploads\/2013\/11\/guardamar.jpg?resize=250%2C188\" alt=\"guardamar\" width=\"250\" height=\"188\" \/><\/a>Guardamar; nur einen \u201eKatzensprung&#8220; von Orihuela-Costa und kurz hinter Torrevieja liegt die kleine beschauliche Stadt Guardamar. Guardamar hat herrliche kilometerlange Sandstr\u00e4nde, sehr gepflegte Parkanlagen, teilweise mit Tieren. Ein guter Platz zum Picknicken mit Kindern. Alte Tradition hat in Guardamar der Fischverkauf vom Transportkarren\/Schiebkarre. Jeden Morgen Klock 11:00 Uhr startet eine Fischverk\u00e4uferin bei der Kirche in der Stadtmitte und preist lautstark die gefangenen Fische der Nacht an. Ein Ausflug nach Guardamar lohnt immer!<\/p>\n<p style=\"text-align: justify;\">Orihuela die alte Bischofsstadt wurde in den letzten Jahren mehr und mehr herausgeputzt. Orihuela liegt 30 km von Orihuela-Costa entfernt im Landesinneren. \u00a0Alte Geb\u00e4ude wurden liebevoll restauriert. Besuchen Sie das Kloster von Orihuela am Berg \u00fcber der Stadt. Interessant sind auch die Museen der Stadt. Informieren Sie sich bei der Tourist-Info in Orihuela und Orihuela-Costa. Orihuela versteht es Feste zu feiern. Im zeitigen Fr\u00fchjahr findet der Mittelalterliche Markt in Orihuela statt, mittlerweile einer der gr\u00f6ssten Spaniens und ein absolutes Muss. Wer diesen Markt nicht gesehen hat, der hat echt etwas vers\u00e4umt.<\/p>\n<p>Ausflugszielein s\u00fcdlicher Richtung von Orihuela-Costa<\/p>\n<p style=\"text-align: justify;\">Wer sich einmal Zeit nimmt und weiter in den S\u00fcden von Orihuela-Costa aufbricht, der kann dort eine Menge erleben, sehr viel interessante Orte sowie Gegenden kennenlernen und zus\u00e4tzlich etwas f\u00fcr seine Gesundheit tun.<\/p>\n<p style=\"text-align: justify;\"><a href=\"https:\/\/i0.wp.com\/www.deutschsprachigertisch-orihuelacosta.eu\/wp-content\/uploads\/2013\/11\/rio_seco.jpg\"><img data-recalc-dims=\"1\" loading=\"lazy\" decoding=\"async\" class=\"alignleft size-full wp-image-893\" src=\"https:\/\/i0.wp.com\/www.deutschsprachigertisch-orihuelacosta.eu\/wp-content\/uploads\/2013\/11\/rio_seco.jpg?resize=250%2C166\" alt=\"rio_seco\" width=\"250\" height=\"166\" \/><\/a>Im s\u00fcdlichsten Zipfel der Costa Blanca nur wenige Minuten von Orihuela-Costa entfernt, liegt der Ort Pilar de la Horadada. Eineniedliche Kleinstadt mit eigenem Charme. Fahren Sie weiter durch den Ort Richtung Orihuela, bei der Ortsausfahrt von Pilar del la Horadada kommen Sie an einen grossen Kreisverkehr, bei einer Golfanlage, fahren Sie gerade weiter und achten Sie auf der rechten Strassenseite auf ein Wasserbecken, dort rechts in eine kleine Strasse abbiegen an Orangen\/Zitronenfeldern vorbei, die Strasse geht bergab und wieder hoch. Fahren Sie bis zu den Tennispl\u00e4tzen von Campoverde einem Ortsteil von Pilar del la Horadada, dort parken. Von hier gehen Sie zu Fuss den Schildern nach, in das Naturschutzgebiet vom Rio Seco. Ein einzigartiges Naturreservoir mit einem Trampelpfad durch die Schlucht vom Rio Seco. (F\u00fchrungen mit mehreren Personen sind m\u00f6glich) interessierte Personen k\u00f6nnen sich melden bei: <a href=\"mailto:info@dtoc.eu\">info@dtoc.eu<\/a>.<\/p>\n<p style=\"text-align: justify;\">Weiter in s\u00fcdlicher Richtung auf der N-332 an Pilar del la Horadada vorbei kommen Sie ins Bundesland Murcia. Fahren Sie von der N-332 kommend, beim Kreisverkehr nach der Autobahnunterf\u00fchrung Richtung 9 Uhr aus dem Kreisverkehr. Folgen Sie dieser Strasse. Nach einem weiteren Kreisverkehr, den Sie gerade passieren, kommen Sie an einen weiteren Kreisverkehr. Hier gibt es zwei Varianten:<\/p>\n<p style=\"text-align: justify;\"><span style=\"text-decoration: underline;\"><a href=\"https:\/\/i0.wp.com\/www.deutschsprachigertisch-orihuelacosta.eu\/wp-content\/uploads\/2013\/11\/playa_de_torre_derribada.jpg\"><img data-recalc-dims=\"1\" loading=\"lazy\" decoding=\"async\" class=\"alignleft size-full wp-image-892\" src=\"https:\/\/i0.wp.com\/www.deutschsprachigertisch-orihuelacosta.eu\/wp-content\/uploads\/2013\/11\/playa_de_torre_derribada.jpg?resize=250%2C188\" alt=\"playa_de_torre_derribada\" width=\"250\" height=\"188\" \/><\/a>Variante 1<\/span>; Sie fahren wieder Richtung 9 Uhr aus diesem Kreisverkehr und <a href=\"https:\/\/i0.wp.com\/www.deutschsprachigertisch-orihuelacosta.eu\/wp-content\/uploads\/2013\/11\/schwamm_2.jpg\"><img data-recalc-dims=\"1\" loading=\"lazy\" decoding=\"async\" class=\"alignright size-full wp-image-895\" src=\"https:\/\/i0.wp.com\/www.deutschsprachigertisch-orihuelacosta.eu\/wp-content\/uploads\/2013\/11\/schwamm_2.jpg?resize=250%2C188\" alt=\"schwamm_2\" width=\"250\" height=\"188\" \/><\/a>kommen zuden Salzseen mit Flamingos (Parkm\u00f6glichkeiten zum Fotografieren sowie ein Wanderweg, der bis zum Meer geht) oder direkt bis zum Meerfahren und dort links parken. Dort befindet sich der kilometerlanger Naturstrand Playa de Torre Derribada, an dem Sie Naturschw\u00e4mme finden k\u00f6nnen.<\/p>\n<p style=\"text-align: justify;\"><span style=\"text-decoration: underline;\"><a href=\"https:\/\/i0.wp.com\/www.deutschsprachigertisch-orihuelacosta.eu\/wp-content\/uploads\/2013\/11\/heilschlamm_1.jpg\"><img data-recalc-dims=\"1\" loading=\"lazy\" decoding=\"async\" class=\"alignright size-full wp-image-888\" src=\"https:\/\/i0.wp.com\/www.deutschsprachigertisch-orihuelacosta.eu\/wp-content\/uploads\/2013\/11\/heilschlamm_1.jpg?resize=250%2C188\" alt=\"heilschlamm_1\" width=\"250\" height=\"188\" \/><\/a>Variante 2<\/span>; Beim vorerw\u00e4hnten <a href=\"https:\/\/i0.wp.com\/www.deutschsprachigertisch-orihuelacosta.eu\/wp-content\/uploads\/2013\/11\/heilschlamm_2.jpg\"><img data-recalc-dims=\"1\" loading=\"lazy\" decoding=\"async\" class=\"alignleft size-full wp-image-889\" src=\"https:\/\/i0.wp.com\/www.deutschsprachigertisch-orihuelacosta.eu\/wp-content\/uploads\/2013\/11\/heilschlamm_2.jpg?resize=188%2C250\" alt=\"heilschlamm_2\" width=\"188\" height=\"250\" \/><\/a>Kreisverkehr gerade aus weiter fahren. Kurz danach rechts befindet sich das Tallasio Wellnessbad mit 34 Grad warmen Meerwasser. Oder Sie fahren weiter bis Lo Pagan. Es gibt einenausgebauten Weg (Promenade), hier hat man die M\u00f6glichkeit seinen K\u00f6rper mit heilsamen Schlamm einzureiben.<\/p>\n<p style=\"text-align: justify;\">Weiter durch Lo Pagan nach Santiago de la Ribera am Mar Menor. Zwei sehr gute Fischrestaurants befinden sich direkt am Strand. Von Santiago de la Ribera gibt es eine F\u00e4hrverbindung (Personenf\u00e4hre) zum Hafen nach La Manga. (siehe Download Personenf\u00e4hre Mar Menor [ganzj\u00e4hrig]).<\/p>\n<p style=\"text-align: justify;\">Noch weiter in s\u00fcdlicher Richtung kommen Sie nach San Javier, wo sich auch ein Flughafen befindet, der von vielen Fluggesellschaften angeflogen wird (Flugstatus finden Sie im Hauptmen\u00fc). Noch weiter s\u00fcdlich an Baumwollfeldern vorbei befindet sich die Kleinstadt Los Alcazares mit herrlicher Promenade am <a href=\"http:\/\/de.wikipedia.org\/wiki\/Mar_Menor\" target=\"_blank\" rel=\"noopener\">Mar Menor<\/a>. Das Mar Menor ist ein Binnenmeer und hat deshalb auch h\u00f6here Wassertemperaturen als das normale Mittelmeer. Ausfl\u00fcge hierher sind sehr zu empfehlen.<\/p>\n<p>Interessante Link:<\/p>\n<ul>\n<li><a href=\"http:\/\/www.spain-online.de\/costablanca\/ausflugsziele\/index.htm\" target=\"_blank\" rel=\"noopener noreferrer\">Ausfl\u00fcge an der Costa Blanca \u2013 Spanien<\/a><\/li>\n<li><a href=\"http:\/\/www.spain-online.de\/costablanca\/ausflugsziele\/index.htm\" target=\"_blank\" rel=\"noopener noreferrer\">Ausfl\u00fcge Costa Blanca<\/a><\/li>\n<li><a href=\"http:\/\/www.spain-online.de\/costablanca\/ausflugsziele\/index.htm\" target=\"_blank\" rel=\"noopener noreferrer\">Costa Blanca<\/a><\/li>\n<li><a href=\"http:\/\/www.spain-online.de\/costablanca\/ausflugsziele\/index.htm\" target=\"_blank\" rel=\"noopener noreferrer\">Sehensw\u00fcrdigkeiten im Urlaub an der der Costa Blanca, Ausflugsziele<\/a><\/li>\n<li><a href=\"http:\/\/www.spain-online.de\/costablanca\/ausflugsziele\/index.htm\" target=\"_blank\" rel=\"noopener noreferrer\">Ausflugstipp in die Bergd\u00f6rfer an der Costa Blanca; spanien-talk<\/a><\/li>\n<li><a href=\"http:\/\/www.ferien-in-spanien.info\/ausflug.htm\" target=\"_blank\" rel=\"noopener\">Ausfl\u00fcge in Spanien an der Costa Calida<\/a><\/li>\n<li>\n<p style=\"margin-bottom: 0cm;\" align=\"JUSTIFY\"><a href=\"http:\/\/www.spain.info\/de\/disfruta\/en_el_mar\/costas\/costa_calida.html\" target=\"_blank\" rel=\"noopener\">Str\u00e4nde in Murcia, Str\u00e4nde von Costa Calida erleben<\/a><\/p>\n<\/li>\n<\/ul>","protected":false},"excerpt":{"rendered":"<p>Ausflugsziele in der N\u00e4heren Umgebung, sowie Fiestas in und um Orihuela-Costa f\u00fcr Besucher und Urlaubsg\u00e4ste. Wer in Orihuela-Costa Urlaub macht, der sollte nicht vers\u00e4umen sich die n\u00e4chst gr\u00f6ssere Stadt Torrevieja (&hellip;) <a href=\"http:\/\/www.deutschsprachigertisch-orihuelacosta.eu\/?page_id=73\">Weiterlesen<\/a><\/p>\n","protected":false},"author":2,"featured_media":0,"parent":0,"menu_order":15,"comment_status":"closed","ping_status":"closed","template":"","meta":{"jetpack_post_was_ever_published":false,"footnotes":""},"class_list":["post-73","page","type-page","status-publish","hentry"],"jetpack_sharing_enabled":true,"jetpack_shortlink":"https:\/\/wp.me\/P8bur2-1b","jetpack-related-posts":[],"_links":{"self":[{"href":"http:\/\/www.deutschsprachigertisch-orihuelacosta.eu\/index.php?rest_route=\/wp\/v2\/pages\/73","targetHints":{"allow":["GET"]}}],"collection":[{"href":"http:\/\/www.deutschsprachigertisch-orihuelacosta.eu\/index.php?rest_route=\/wp\/v2\/pages"}],"about":[{"href":"http:\/\/www.deutschsprachigertisch-orihuelacosta.eu\/index.php?rest_route=\/wp\/v2\/types\/page"}],"author":[{"embeddable":true,"href":"http:\/\/www.deutschsprachigertisch-orihuelacosta.eu\/index.php?rest_route=\/wp\/v2\/users\/2"}],"replies":[{"embeddable":true,"href":"http:\/\/www.deutschsprachigertisch-orihuelacosta.eu\/index.php?rest_route=%2Fwp%2Fv2%2Fcomments&post=73"}],"version-history":[{"count":6,"href":"http:\/\/www.deutschsprachigertisch-orihuelacosta.eu\/index.php?rest_route=\/wp\/v2\/pages\/73\/revisions"}],"predecessor-version":[{"id":12665,"href":"http:\/\/www.deutschsprachigertisch-orihuelacosta.eu\/index.php?rest_route=\/wp\/v2\/pages\/73\/revisions\/12665"}],"wp:attachment":[{"href":"http:\/\/www.deutschsprachigertisch-orihuelacosta.eu\/index.php?rest_route=%2Fwp%2Fv2%2Fmedia&parent=73"}],"curies":[{"name":"wp","href":"https:\/\/api.w.org\/{rel}","templated":true}]}}