{"id":77,"date":"2010-04-29T20:12:43","date_gmt":"2010-04-29T20:12:43","guid":{"rendered":"http:\/\/www.deutschsprachigertisch-orihuelacosta.eu\/?page_id=77"},"modified":"2016-09-20T21:00:02","modified_gmt":"2016-09-20T20:00:02","slug":"dtoc-tourismusbueros","status":"publish","type":"page","link":"http:\/\/www.deutschsprachigertisch-orihuelacosta.eu\/?page_id=77","title":{"rendered":"Tourismusb\u00fcros"},"content":{"rendered":"<p>Tourismusb\u00fcros auf einen Blick (Oficinas de Turismo)<\/p>\n<p>Tourismusb\u00fcro Orihuela-Costa<br \/>\nPlaza del Oriol, s\/n Ajuntamiento<br \/>\nES-03189 Orihuela-Costa<br \/>\n+34 966 760 000 Telefon<br \/>\n+34 966 761 250 Fax<br \/>\neMail: <a href=\"mailto:orihuelaplaya@touristinfo.net\" target=\"_blank\">orihuelaplaya@touristinfo.net<\/a><\/p>\n<p>Tourismusb\u00fcro Orihuela<br \/>\nCalle Francisco Die, 25<br \/>\nES-03300 Orihuela<br \/>\n+34 965 302 747 Telefon<br \/>\n+34 965 306 294 Fax<br \/>\neMail: <a href=\"mailto:orihuela@touristinfo.net\" target=\"_blank\">orihuela@touristinfo.net<\/a><br \/>\n<a href=\"http:\/\/www.orihuelaturistica.es\" target=\"_blank\">www.orihuelaturistica.es<\/a><br \/>\n<a href=\"http:\/\/www.orihuela.es\" target=\"_blank\">www.orihuela.es<\/a><\/p>\n<p>oder<\/p>\n<p>Plaza Marqu\u00e9s de Rafal, 5<br \/>\nES-03300 Orihuela<br \/>\n+34 965 304 645 Telefon<br \/>\neMail: <a href=\"mailto:orihuelacentro@touristinfo.net\" target=\"_blank\">orihuelacentro@touristinfo.net<\/a><\/p>\n<p>Tourismusb\u00fcro Alicante<br \/>\nCalle de Portugal, 17<br \/>\nES-03003 Alicante<br \/>\n+34 965 929 802 Telefon<\/p>\n<p>oder<\/p>\n<p>Calle del Temiente Coronel Chapuli, 2<br \/>\nES-03001 Alicante<br \/>\n+34 965 146 771 Telefon<\/p>\n<p>Tourismusb\u00fcro Alicante<br \/>\nCalle Rambla de M\u00e9ndez N\u00fa\u00f1ez, 23<br \/>\nES-03002 Alicante<br \/>\n+34 965 200 000 Telefon<br \/>\n+34 965 200 243 Fax<br \/>\neMail: <a href=\"mailto:alicante@touristinfo.net\" target=\"_blank\">alicante@touristinfo.net<\/a><\/p>\n<p>Tourismusb\u00fcro Torrevieja<br \/>\nPlaza Ruiz Capdepont, s\/n oder<br \/>\nCalle Caballero de Rodas<br \/>\nES-03180 Torrevieja<br \/>\n+34 901 343 343 \/ 965 703 433 \/ 965 706 159 \/ 965 715 936 Telefon<br \/>\neMail: <a href=\"mailto:touristinfo.torrevieja.centro@turisme.m400.gva.es\" target=\"_blank\">touristinfo.torrevieja.centro@turisme.m400.gva.es<\/a><\/p>\n<p>Tourismusb\u00fcro Torrevieja<br \/>\nAvda. Cortes Valencianas s\/n<br \/>\nMirador Alto Casilla<br \/>\nES-03183 Torrevieja<br \/>\n+34 666 579 949 Telefon<br \/>\n+34 966 111 442 Fax<br \/>\neMail: <a href=\"mailto:torrevieja.altocasilla@touristinfo.net\" target=\"_blank\">torrevieja.altocasilla@touristinfo.net<br \/>\n<\/a><a href=\"http:\/\/www.webtorrevieja.es\" target=\"_blank\">www.webtorrevieja.es<\/a><\/p>\n<p>Tourist-Info Pilar de la Horadada<br \/>\nCalle Campoamor 2<br \/>\nES-03190 Pilar de la Horadada<br \/>\n+34 966 767 068 Telefon<br \/>\n+34 966 767 340 Fax<br \/>\neMail: <a href=\"mailto:turismo@pilardelahoradada.org\" target=\"_blank\">turismo@pilardelahoradada.org<\/a> oder <a href=\"mailto:info@visitpilardelahoradada.com\" target=\"_blank\">info@visitpilardelahoradada.com<\/a><\/p>\n<p>Tourismusb\u00fcro Guardamar<br \/>\nPlaza de la Constituci\u00f3n, 7<br \/>\nES-03140 Guardamar del Segura<br \/>\n+34 965 729 014 \/ 965 724 488 Telefon<br \/>\n+34 965 727 292 Fax<br \/>\neMail: <a href=\"mailto:guardamar@touristinfo.net\" target=\"_blank\">guardamar@touristinfo.net<\/a><\/p>\n<p>Tourismusb\u00fcro Rojales<br \/>\nCalle Malec\u00f3n de la Encaud\u00e1, 1<br \/>\nES-03170 Rojales<br \/>\n+34 &#8211; 966 715 129 \/ 966 715 001 Telefon<br \/>\n+34 &#8211; 966 714 742 Fax<br \/>\neMail: <a href=\"mailto:turismo@rojales.es\" target=\"_blank\">turismo@rojales.es<\/a><\/p>\n<p>Tourismusb\u00fcro Santa Pola<br \/>\nPlaza de la Diputaci\u00f3n, S\/N<br \/>\nES-03130 Santa Pola<br \/>\n+34 &#8211; 966 692 276 Telefon<br \/>\n+34 &#8211; 966 696 039 Fax<br \/>\neMail: <a href=\"mailto:santapola@touristinfo.net\" target=\"_blank\">santapola@touristinfo.net<\/a><\/p>\n<p>Tourismusb\u00fcro Santa Pola (Zentrum) gegen\u00fcber dem Rathaus<br \/>\nCalle Astilleros, 4<br \/>\nES-03130 Santa Pola<br \/>\n+34 966 696 052 Telefon<br \/>\n+34 966 696 039 Fax<br \/>\neMail: <a href=\"mailto:santapolacentro@touristinfo.net\" target=\"_blank\">santapolacentro@touristinfo.net<\/a><\/p>\n<p>Tourismusb\u00fcro Elche<br \/>\nParque Municipal<br \/>\nES-03202 Elche\/Elx<br \/>\n+34 965 452 747 Telefon<br \/>\neMail: <a href=\"mailto:elx@touristinfo.net\" target=\"_blank\">elx@touristinfo.net<\/a><\/p>\n<p>oder<\/p>\n<p>Plaza del Parc, s\/n<br \/>\nES-03203 Elche\/Elx<br \/>\n+34 965 457 894 Telefon<\/p>\n<p>Tourismusb\u00fcro Elche (Flughafen Alicante) Ankunftshalle<br \/>\n+34 966 919 367 Telefon und Fax<br \/>\neMail: <a href=\"mailto:elaltet@touristinfo.net\" target=\"_blank\">elaltet@touristinfo.net<\/a><\/p>\n<p>Tourismusb\u00fcro San Pedro del Pinatar\/Lo Pagan<br \/>\nParque de Reyes de Espa\u00f1a<br \/>\nES-30740 San Pedro del Pinatar<br \/>\n+34 968 182 301 Telefon<br \/>\n+34 968 183 706 Fax<br \/>\neMail: <a href=\"mailto:sppinatar@marmenor.net\" target=\"_blank\">sppinatar@marmenor.net<\/a><\/p>\n<p>Tourismusb\u00fcro Los Alcazares<br \/>\nPlaza del Ayuntamiento, s\/n<br \/>\nES-30710 Los Alcazares<br \/>\n+34 968 171 361 Telefon<br \/>\n+34 968 575 249 Fax<br \/>\neMail: <a href=\"mailto:losalcaceres@marmenor.net\" target=\"_blank\">losalcaceres@marmenor.net<br \/>\n<\/a><a href=\"http:\/\/www.ayto-losalcazares.es\" target=\"_blank\">www.ayto-losalcazares.es<\/a><\/p>\n<p>Tourist-B\u00fcro Crevillente<br \/>\nCalle Blasco Ib\u00e1\u00f1ez 8<br \/>\n03330 Crevillent<br \/>\n+34 965 401 526 Telefon<br \/>\neMail: <a href=\"mailto:infoturisme@crevillent.es\" target=\"_blank\">infoturisme@crevillent.es<\/a><\/p>\n<p>Alle Angaben sind unter Ausschluss jedweder Gew\u00e4hrleistung! \u00c4nderungen k\u00f6nnen jeder Zeit m\u00f6glich sein.<br \/>\n\u00c4nderungen und eventuelle Fehler teilen Sie uns bitte umgehend mit (<a href=\"mailto:dtoc@dtoc.eu\" target=\"_blank\">dtoc@dtoc.eu<\/a>), damit die Angaben stets zuverl\u00e4ssig sind!<\/p>\n<p>PDF-Datei &#8222;<a href=\"http:\/\/www.deutschsprachigertisch-orihuelacosta.eu\/pdf\/41 Tourismusbuero.pdf\"><span style=\"text-decoration: underline; color: #0000ff;\"><strong>Tourismusb\u00fcros<\/strong><\/span><\/a>&#8220; zum Herunterladen; siehe auch &#8222;<a title=\"Wichtige Infos zum Herunterladen\" href=\"http:\/\/www.deutschsprachigertisch-orihuelacosta.eu\/dtoc-downloads\"><span style=\"text-decoration: underline; color: #0000ff;\"><strong>Wichtige Infos zum Herunterladen<\/strong><\/span><\/a>&#8222;.<\/p>","protected":false},"excerpt":{"rendered":"<p>Tourismusb\u00fcros auf einen Blick (Oficinas de Turismo) Tourismusb\u00fcro Orihuela-Costa Plaza del Oriol, s\/n Ajuntamiento ES-03189 Orihuela-Costa +34 966 760 000 Telefon +34 966 761 250 Fax eMail: orihuelaplaya@touristinfo.net Tourismusb\u00fcro Orihuela (&hellip;) <a href=\"http:\/\/www.deutschsprachigertisch-orihuelacosta.eu\/?page_id=77\">Weiterlesen<\/a><\/p>\n","protected":false},"author":2,"featured_media":0,"parent":0,"menu_order":2,"comment_status":"closed","ping_status":"closed","template":"","meta":{"jetpack_post_was_ever_published":false,"footnotes":""},"class_list":["post-77","page","type-page","status-publish","hentry"],"jetpack_sharing_enabled":true,"jetpack_shortlink":"https:\/\/wp.me\/P8bur2-1f","jetpack-related-posts":[],"_links":{"self":[{"href":"http:\/\/www.deutschsprachigertisch-orihuelacosta.eu\/index.php?rest_route=\/wp\/v2\/pages\/77","targetHints":{"allow":["GET"]}}],"collection":[{"href":"http:\/\/www.deutschsprachigertisch-orihuelacosta.eu\/index.php?rest_route=\/wp\/v2\/pages"}],"about":[{"href":"http:\/\/www.deutschsprachigertisch-orihuelacosta.eu\/index.php?rest_route=\/wp\/v2\/types\/page"}],"author":[{"embeddable":true,"href":"http:\/\/www.deutschsprachigertisch-orihuelacosta.eu\/index.php?rest_route=\/wp\/v2\/users\/2"}],"replies":[{"embeddable":true,"href":"http:\/\/www.deutschsprachigertisch-orihuelacosta.eu\/index.php?rest_route=%2Fwp%2Fv2%2Fcomments&post=77"}],"version-history":[{"count":0,"href":"http:\/\/www.deutschsprachigertisch-orihuelacosta.eu\/index.php?rest_route=\/wp\/v2\/pages\/77\/revisions"}],"wp:attachment":[{"href":"http:\/\/www.deutschsprachigertisch-orihuelacosta.eu\/index.php?rest_route=%2Fwp%2Fv2%2Fmedia&parent=77"}],"curies":[{"name":"wp","href":"https:\/\/api.w.org\/{rel}","templated":true}]}}