{"id":92,"date":"2011-04-11T06:18:55","date_gmt":"2011-04-11T06:18:55","guid":{"rendered":"http:\/\/www.deutschsprachigertisch-orihuelacosta.eu\/?page_id=92"},"modified":"2017-05-12T07:32:46","modified_gmt":"2017-05-12T06:32:46","slug":"tipps-und-tricks","status":"publish","type":"page","link":"http:\/\/www.deutschsprachigertisch-orihuelacosta.eu\/?page_id=92","title":{"rendered":"Tipps und Tricks"},"content":{"rendered":"<p><strong>F\u00fcr alle Zwecke!<\/strong><br \/>\nEine Liste vom Deutschsprachigen Tisch Orihuela-Costa.<span style=\"color: #000000;\"><em><br \/>\n<span style=\"color: #808080;\">Fragen oder Anregungen zu den Themen bitte an <a href=\"mailto:info@dtoc.eu\" target=\"_blank\" rel=\"noopener noreferrer\"><span style=\"color: #808080;\">info@dtoc.eu<\/span><\/a> an. Ihr Tipp wird mit Ihrem Namen ver\u00f6ffentlicht!<\/span><\/em><\/span><\/p>\n<p><strong> Thema: Autoscheinwerfer werden blind!<\/strong><br \/>\nAutoscheinwerfen werden durch Hitze und Sonneneinstrahlung schnell blind! Putzen Sie die Scheinwerfer mit Zahnpasta und sie bekommen die blinden Stellen wieder hell! Probieren Sie es aus es funktioniert!<br \/>\nTipp von Norbert Ellmers<\/p>\n<p><strong>Thema: Tipp der Polizei f\u00fcr alle Handybesitzer!<\/strong><br \/>\nWertvolle Information von der Polizei: Handy-Klau, was nun? Laden Sie sich diese wichtige Information herunter und Sie wissen Bescheid!<br \/>\n<a href=\"http:\/\/www.deutschsprachigertisch-orihuelacosta.eu\/pdf\/Handy%20Klau.pdf\" target=\"_blank\" rel=\"noopener noreferrer\">download &gt;&gt;&gt; <span style=\"text-decoration: underline; color: #0000ff;\"><strong>iNFO<\/strong><\/span> &lt;&lt;&lt; herunterladen<\/a><\/p>\n<p><strong>Thema: Heimwerker-Wissen per Mausklick<\/strong><br \/>\nDIY Academy bietet online zahlreiche Tipps und Tricks.<br \/>\nKlicken Sie auf: <a href=\"www.diy-academy.eu\" target=\"_blank\" rel=\"noopener noreferrer\">www.diy-academy.eu<\/a>.<br \/>\nTipp von: <a href=\"http:\/\/www.cbn.es\" target=\"_blank\" rel=\"noopener noreferrer\">CBN<\/a><\/p>\n<p><strong>Thema: Perfekte Satzzeichen<\/strong><br \/>\nKlug gesetzte Satzzeichen erleichtern dem Leser den Zugang zu einem Text ganz erheblich. Es ist verst\u00e4ndlich, dass Sie diese auch korrekt einsetzen wollen. Mit einer richtigen Interpunktion vermeiden Sie zudem Fehler im automatischen Zeilen- und Seitenumbruch Ihres Textverarbeitungsprogramms. Darum hier ein paar Tipps zu den Satzzeichen-Gepflogenheiten, mit denen Sie allf\u00e4llige Unsicherheiten abfangen:<br \/>\nPunkt- und Kommazeichen (.,;:!?) stehen immer direkt nach dem letzten Buchstaben, erst danach folgt ein Leerzeichen. Es gibt \u00fcbrigens in der Korrespondenz keinen korrekten Einsatz mehrfacher Frage- oder Ausrufezeichen hintereinander. \u00abAlso nicht so???\u00bb &#8211; \u00abNein!\u00bb<br \/>\nAnf\u00fchrungszeichen wie in &#8222;Beispiel&#8220; oder \u00abBeispiel\u00bb sowie Klammern (Beispiel) kleben immer direkt am Wort; vor- und nachher steht je ein Leerzeichen. Das Leerzeichen f\u00e4llt allerdings beispielsweise nach einer Klammer weg, falls gleich danach ein Punkt folgt.<br \/>\nVor und nach Gedankenstrichen wird \u2013 so wie hier \u2013 je ein Leerzeichen gesetzt. Word wandelt je nach Einstellung unter Word-Optionen\/Dokumentpr\u00fcfung\/AutoFormat w\u00e4hrend der Eingabe das Zeichen automatisch in den l\u00e4ngeren Gedankenstrich um. Wenn es sich jedoch um einen Bindestrich handelt, h\u00e4ngt er direkt ohne Leerzeichen an den zu bindenden W\u00f6rtern (z.B. so: Task-Manager).<br \/>\nUnd dann ist da noch der Apostroph (&#8218;), \u00fcber den schon ganze Abhandlungen geschrieben wurden. Sind Sie mit diesem Zeichen nicht sattelfest, vermeiden Sie es weitgehend. Das richtige Zeichen w\u00e4re \u00fcbrigens jenes rechts neben der Null bzw. auf der Fragezeichen-Taste (ohne Shift).<br \/>\nViele greifen versehentlich zum Accent Aigu <span style=\"color: #ff0000;\"><strong>\u00b4<\/strong><\/span> oder zum Accent Grave <span style=\"color: #ff0000;\"><strong>`<\/strong><\/span> statt zum richtigen Apostroph <span style=\"color: #ff0000;\"><strong>&#8218;<\/strong><\/span>. Der ersatzlose Verzicht ist \u00fcbrigens modern \u2013 und immer noch weniger peinlich, als das falsche Zeichen in der falschen Formatierung an der falschen Stelle zu verwenden. Tats\u00e4chlich gibt es nur noch wenige F\u00e4lle, in denen es zwingend hingeh\u00f6rt.<br \/>\nZum Schluss noch eine Bemerkung zum Zeilenende. Bitte schreiben Sie endlos. Ihr Textfeld bricht automatisch um und das Textfeld des Lesers tut es ebenso. Entscheiden Sie sich am Ende einer Zeile f\u00fcr einen Zeilenumbruch, wird dieser beim Leser irgendwo mitten drin sein. Brechen Sie also nur um, wenn Sie wirklich mit einer neuen Zeile beginnen m\u00f6chten, also bei einem neuem Absatz.<br \/>\nTipp von: Andreas Wahlen<\/p>\n<p><strong>Thema: Allheilmittel ALOE VERA<br \/>\n<\/strong>Viele werden es schon wissen, aber ich bin immer wieder \u00fcberrascht, dass es viele noch nicht geh\u00f6rt haben. Das glibberige Innere der Aloearme eignet sich bestens zum Auftragen bei Sonnenbrand und allergischem Juckreiz. Einen Arm Aloe aufschneiden und mit einem L\u00f6ffel auskratzen, mit einem M\u00f6rser zerkleinern und die gelartige Masse in einem geschlossenen Gef\u00e4ss im K\u00fchlschrank lagern. Bei Bedarf dann t\u00e4glich einige Male auftragen, zieht sofort ein und tut gut!<br \/>\nTipp von: Jutta Pratsch<\/p>\n<p><strong>Thema: Frag Mutti oder Vati<br \/>\n<\/strong>Unter den beiden Internetadressen: <a href=\"http:\/\/www.frag-mutti.de\" target=\"_blank\" rel=\"noopener noreferrer\">www.frag-mutti.de<\/a> und <a href=\"http:\/\/www.frag-vati.de\" target=\"_blank\" rel=\"noopener noreferrer\">www.frag-vati.de<\/a> finden Sie viele n\u00fctzliche Tipps und Tricks.<br \/>\nTipp von: Jutta Pratsch<\/p>\n<p><strong>Thema: Klebeetiketten entfernen, aber wie ?<\/strong><br \/>\nEtiketten auf hitzebest\u00e4ndigen Gegenst\u00e4nden kann man mit einem F\u00f6n problemlos, ohne R\u00fcckst\u00e4nde zu hinterlassen entfernen.<br \/>\nTipp von: Toni Kau<\/p>\n<p><strong>Thema: Butter und Haarspray entfernt Kugelschreiberflecken!<\/strong><br \/>\nHartn\u00e4ckige Kugelschreiberflecke auf den H\u00e4nden lassen sich am schnellsten mit Butter beseitigen. Einfach eine kleine Menge auf der Haut verreiben und der Fleck l\u00f6st sich. Bei Kugelschreiberspuren auf der Kleidung, hilft Haarspray: Aufspr\u00fchen und den Fleck vorsichtig abtupfen.<br \/>\nQuelle: <a href=\"http:\/\/www.carpediem-magazine.com\/\" target=\"_blank\" rel=\"noopener noreferrer\">Carpe Diem<\/a> von April 2011<\/p>\n<p><strong>Thema: Saubere Tee- oder Kaffeekanne dank Backpulver!<\/strong><br \/>\nSo entfernen Sie h\u00e4ssliche Ablagerungen in Tee- oder Kaffeekannen: Ein P\u00e4ckchen Backpulver hineingeben und heisses Wasser dazu giessen. Nach etwa 20 Minuten haben sich die Bel\u00e4ge gel\u00f6st. Die Kanne danach mit reichlich klarem Wasser aussp\u00fclen.<br \/>\nQuelle: <a href=\"http:\/\/www.carpediem-magazine.com\/\" target=\"_blank\" rel=\"noopener noreferrer\">Carpe Diem<\/a> von April 2011<\/p>\n<p><strong>Thema: Kaffeesatz s\u00e4ubert das Backblech!<\/strong><br \/>\nWarum gleich alles in den M\u00fcll werfen? Mit Kaffeesatz bekommen Sie beispielsweise verschmutzte Backbleche prima sauber. Auf einem feuchten Lappen geben und kr\u00e4ftig reiben. Anschliessend Schmutz absp\u00fclen und Blech gut abtrocknen.<br \/>\nQuelle: <a href=\"http:\/\/www.carpediem-magazine.com\/\" target=\"_blank\" rel=\"noopener noreferrer\">Carpe Diem<\/a> von April 2011<\/p>\n<p><strong>Thema: Speisesalz reinigt den Backofen!<\/strong><br \/>\nSo l\u00f6sen sich Verkrustungen im Backofen: Einfach etwas Salz aufstreuen und bei etwa 150 Grad so lange erhitzen, bis das Salz braun wird. Danach den Backofen mit einem Tuch ausreiben.<br \/>\nQuelle: <a href=\"http:\/\/www.carpediem-magazine.com\/\" target=\"_blank\" rel=\"noopener noreferrer\">Carpe Diem<\/a> von April 2011<\/p>\n<p><strong>Thema: Natron gegen K\u00fchlschrankmief!<\/strong><br \/>\nKommt Ihnen beim \u00d6ffnen des K\u00fchlschranks schlechte Luft entgegen, sorgt ein Sch\u00e4lchen mit Natron f\u00fcr Abhilfe.<br \/>\nQuelle: <a href=\"http:\/\/www.carpediem-magazine.com\/\" target=\"_blank\" rel=\"noopener noreferrer\">Carpe Diem<\/a> von April 2011<\/p>\n<p><strong>Thema: Blumen lieben Mineralwasser!<\/strong><br \/>\nAls Blumenwasser kann abgestandenes Mineralwasser prima verwendet werden. Die enthaltenen Mineralstoffe tun den Pflanzen gut und macht sie zus\u00e4tzlich resistenter gegen Krankheiten.<br \/>\nQuelle: <a href=\"http:\/\/www.carpediem-magazine.com\/\" target=\"_blank\" rel=\"noopener noreferrer\">Carpe Diem<\/a> + Norbert Ellmers<\/p>\n<p><strong>Thema: Pflanzen d\u00fcngen mit schwarzen Tee!<\/strong><br \/>\nWerfen Sie Ihre gebrauchten Aufgussbeutel von schwarzen Tee nicht weg. Sie eignen sich prima als D\u00fcnger f\u00fcr Ihre Topfpflanzen. F\u00fcr fl\u00fcssigen D\u00fcnger lassen Sie einige Beutel etwa 12 Stunden in einer mit Wasser gef\u00fcllten Giesskanne ziehen. Oder Sie schneiden die Beutel auf und mischen die Teebl\u00e4tter direkt unter die Erde.<br \/>\nQuelle: <a href=\"http:\/\/www.carpediem-magazine.com\/\" target=\"_blank\" rel=\"noopener noreferrer\">Carpe Diem<\/a> von April 2011<\/p>\n<p><strong>Thema: Polsterm\u00f6belreinigung<\/strong><br \/>\nMan nehme eine selbsthergestellte Oxi-Paste (Oxi-fix gibt es z.B. beim Aldi) und streicht damit Flecken und Stellen, oder wie in meinem Fall auch das komplette Sofa ein. Nach ca. 30 Min. Einwirkzeit dann mit einem Tuch und klarem Wasser nachbehandeln und gut durchtrocknen lassen. Nach dem Trocknen gr\u00fcndlich absaugen und alles ist (fast) wie neu! (Nat\u00fcrlich ohne Garantie, zur Sicherheit bitte an kleiner Stelle auf Farbechtheit pr\u00fcfen). Paste herstellen: In 0,5 l Wasser ca. 1 Essl\u00f6ffel Oxi einr\u00fchren, kurz abstehen lassen und mit einem harten Schwamm auftragen.<br \/>\nTipp von: Jutta Pratsch<\/p>\n<p><strong>Thema: Katzenkot \/ -urin im Garten<\/strong><br \/>\nGegen Katzenkot\/urin im Garten hilft Essigessenz. In kleine Joghurtbecher gef\u00fcllt, ca. die H\u00e4lfte, dann an den entsprechenden Stellen platzieren und Geduld haben. Die Katze such sich andere Pl\u00e4tze und man stellt auch dort Becher halb mit Essigessenz auf. Nach ca. 14 Tagen hat man mit etwas Gl\u00fcck das Spiel gewonnen, denn die Katzen verlieren die Lust wieder zukommen. Bei uns hat es geklappt. Viel Erfolg!<br \/>\nTipp von: Jutta Pratsch<\/p>\n<p><strong>Thema: Vorsorge bei Handy-Klau, oder wenn es verloren geht!<\/strong><br \/>\nEin Tipp der Polizei f\u00fcr alle Handybesitzer: Die untenstehende Funktion ist anscheinend bei allen Handys verf\u00fcgbar und man muss sich fragen, warum Handy-Hersteller und H\u00e4ndler so etwas geheim halten. Wenn die folgende Massnahme an m\u00f6glichst viele Leute weitergeleitet wird, dann k\u00f6nnten die Handy-Diebst\u00e4hle sicher deutlich zur\u00fcckgehen. Jedes Handy hat eine eigene, einmalige Seriennummer; der so genannte IMEI. Dies kann wie folgt aufgerufen werden: *#06#, darauf wird die Seriennummer des Handys angezeigt. Diese Nummer notieren und aufbewahren. Wenn nun ein Handy gestohlen werden sollte, muss man diese Seriennummer dem Telefonh\u00e4ndler oder Hersteller melden und dieser kann dann das Handy total blockieren, auch wenn der Dieb eine neue SIM- Karte einsetzt. Man bekommt davon zwar sein Handy nicht zur\u00fcck, aber man hat wenigstens die Genugtuung, dass der Dieb auch nicht mehr damit anfangen kann. Wenn alle Handy-Besitzer diese Vorkehrung treffen w\u00fcrden, w\u00fcrde es sich bald nicht mehr lohnen, ein Handy zu klauen! Schickt deshalb diese Info an m\u00f6glichst viele Leute weiter! Die Handy-Seriennummer wird, egal welcher Hersteller, im Display dargestellt.<br \/>\nTipp von: G\u00fcnter Schwarz<\/p>\n<p><strong>Thema: Schmier- und Schildl\u00e4use ohne Chemie auf Kakteen vertreiben: Wie geht das?<\/strong><br \/>\nMit Oliven\u00f6l pinseln Sie s\u00e4mtliche Bl\u00e4tter von befallenen Opuntien oder S\u00e4ulenkakteen ein. Am besten mit einem langstieligen Eckpinsel auch bekannt als Kuttenlecker und so k\u00f6nnen Sie z.B. Schildl\u00e4use gut entfernen. Auch Schmierl\u00e4use m\u00f6gen kein Oliven\u00f6l und ruckzuck ist man das Ungeziefer los und ganz ohne den Einsatz von Chemie.<br \/>\nVorsicht nicht f\u00fcr alle Kakteen geeignet.<br \/>\nTipp von: Norbert Ellmers<\/p>","protected":false},"excerpt":{"rendered":"<p>F\u00fcr alle Zwecke! Eine Liste vom Deutschsprachigen Tisch Orihuela-Costa. Fragen oder Anregungen zu den Themen bitte an info@dtoc.eu an. Ihr Tipp wird mit Ihrem Namen ver\u00f6ffentlicht! Thema: Autoscheinwerfer werden blind! (&hellip;) <a href=\"http:\/\/www.deutschsprachigertisch-orihuelacosta.eu\/?page_id=92\">Weiterlesen<\/a><\/p>\n","protected":false},"author":2,"featured_media":0,"parent":0,"menu_order":1,"comment_status":"closed","ping_status":"closed","template":"","meta":{"jetpack_post_was_ever_published":false,"footnotes":""},"class_list":["post-92","page","type-page","status-publish","hentry"],"jetpack_sharing_enabled":true,"jetpack_shortlink":"https:\/\/wp.me\/P8bur2-1u","jetpack-related-posts":[],"_links":{"self":[{"href":"http:\/\/www.deutschsprachigertisch-orihuelacosta.eu\/index.php?rest_route=\/wp\/v2\/pages\/92","targetHints":{"allow":["GET"]}}],"collection":[{"href":"http:\/\/www.deutschsprachigertisch-orihuelacosta.eu\/index.php?rest_route=\/wp\/v2\/pages"}],"about":[{"href":"http:\/\/www.deutschsprachigertisch-orihuelacosta.eu\/index.php?rest_route=\/wp\/v2\/types\/page"}],"author":[{"embeddable":true,"href":"http:\/\/www.deutschsprachigertisch-orihuelacosta.eu\/index.php?rest_route=\/wp\/v2\/users\/2"}],"replies":[{"embeddable":true,"href":"http:\/\/www.deutschsprachigertisch-orihuelacosta.eu\/index.php?rest_route=%2Fwp%2Fv2%2Fcomments&post=92"}],"version-history":[{"count":1,"href":"http:\/\/www.deutschsprachigertisch-orihuelacosta.eu\/index.php?rest_route=\/wp\/v2\/pages\/92\/revisions"}],"predecessor-version":[{"id":10429,"href":"http:\/\/www.deutschsprachigertisch-orihuelacosta.eu\/index.php?rest_route=\/wp\/v2\/pages\/92\/revisions\/10429"}],"wp:attachment":[{"href":"http:\/\/www.deutschsprachigertisch-orihuelacosta.eu\/index.php?rest_route=%2Fwp%2Fv2%2Fmedia&parent=92"}],"curies":[{"name":"wp","href":"https:\/\/api.w.org\/{rel}","templated":true}]}}